{"id":77,"date":"2024-06-07T10:16:58","date_gmt":"2024-06-07T08:16:58","guid":{"rendered":"https:\/\/csahainaut.be\/?page_id=77"},"modified":"2025-12-08T09:45:08","modified_gmt":"2025-12-08T08:45:08","slug":"accueil","status":"publish","type":"page","link":"https:\/\/csahainaut.be\/","title":{"rendered":"Accueil"},"content":{"rendered":"\t\t<div data-elementor-type=\"wp-page\" data-elementor-id=\"77\" class=\"elementor elementor-77\">\n\t\t\t\t<div class=\"elementor-element elementor-element-686b9d5 e-con-full e-flex e-con e-parent\" data-id=\"686b9d5\" data-element_type=\"container\" data-e-type=\"container\">\n\t\t\t\t<div class=\"elementor-element elementor-element-4e91282 elementor-widget elementor-widget-heading\" data-id=\"4e91282\" data-element_type=\"widget\" data-e-type=\"widget\" data-widget_type=\"heading.default\">\n\t\t\t\t<div class=\"elementor-widget-container\">\n\t\t\t\t\t<h2 class=\"elementor-heading-title elementor-size-default\">Bienvenue sur le site des CSA du Hainaut<\/h2>\t\t\t\t<\/div>\n\t\t\t\t<\/div>\n\t\t\t\t<div class=\"elementor-element elementor-element-2d46ba1 elementor-widget-divider--view-line elementor-widget elementor-widget-divider\" data-id=\"2d46ba1\" data-element_type=\"widget\" data-e-type=\"widget\" data-widget_type=\"divider.default\">\n\t\t\t\t<div class=\"elementor-widget-container\">\n\t\t\t\t\t\t\t<div class=\"elementor-divider\">\n\t\t\t<span class=\"elementor-divider-separator\">\n\t\t\t\t\t\t<\/span>\n\t\t<\/div>\n\t\t\t\t\t\t<\/div>\n\t\t\t\t<\/div>\n\t\t\t\t<\/div>\n\t\t<div class=\"elementor-element elementor-element-2c76dce e-flex e-con-boxed e-con e-parent\" data-id=\"2c76dce\" data-element_type=\"container\" data-e-type=\"container\">\n\t\t\t\t\t<div class=\"e-con-inner\">\n\t\t\t\t<div class=\"elementor-element elementor-element-1f66208 elementor-widget elementor-widget-heading\" data-id=\"1f66208\" data-element_type=\"widget\" data-e-type=\"widget\" data-widget_type=\"heading.default\">\n\t\t\t\t<div class=\"elementor-widget-container\">\n\t\t\t\t\t<h2 class=\"elementor-heading-title elementor-size-default\">Inscription pour les formations aux nouveaux programmes<\/h2>\t\t\t\t<\/div>\n\t\t\t\t<\/div>\n\t\t\t\t\t<\/div>\n\t\t\t\t<\/div>\n\t\t<div class=\"elementor-element elementor-element-27d1f72 e-flex e-con-boxed e-con e-parent\" data-id=\"27d1f72\" data-element_type=\"container\" data-e-type=\"container\">\n\t\t\t\t\t<div class=\"e-con-inner\">\n\t\t\t\t<div class=\"elementor-element elementor-element-db7a41b elementor-widget elementor-widget-image\" data-id=\"db7a41b\" data-element_type=\"widget\" data-e-type=\"widget\" data-widget_type=\"image.default\">\n\t\t\t\t<div class=\"elementor-widget-container\">\n\t\t\t\t\t\t\t\t\t\t\t\t\t\t\t<img fetchpriority=\"high\" decoding=\"async\" width=\"643\" height=\"910\" src=\"https:\/\/csahainaut.be\/wp-content\/uploads\/2025\/12\/Formation-programme.png\" class=\"attachment-large size-large wp-image-1737\" alt=\"\" srcset=\"https:\/\/csahainaut.be\/wp-content\/uploads\/2025\/12\/Formation-programme.png 643w, https:\/\/csahainaut.be\/wp-content\/uploads\/2025\/12\/Formation-programme-212x300.png 212w\" sizes=\"(max-width: 643px) 100vw, 643px\" \/>\t\t\t\t\t\t\t\t\t\t\t\t\t\t\t<\/div>\n\t\t\t\t<\/div>\n\t\t\t\t\t<\/div>\n\t\t\t\t<\/div>\n\t\t\t\t<\/div>\n\t\t","protected":false},"excerpt":{"rendered":"<p>Bienvenue sur le site des CSA du Hainaut Inscription pour les formations aux nouveaux programmes<\/p>\n","protected":false},"author":2,"featured_media":0,"parent":0,"menu_order":0,"comment_status":"closed","ping_status":"closed","template":"","meta":{"footnotes":""},"class_list":["post-77","page","type-page","status-publish","hentry","nodate","item-wrap"],"yoast_head":"<!-- This site is optimized with the Yoast SEO plugin v27.5 - https:\/\/yoast.com\/product\/yoast-seo-wordpress\/ -->\n<title>Accueil - CSA Hainaut<\/title>\n<meta name=\"description\" content=\"Bienvenue sur le site de la cellule de soutien et d&#039;accompagnement du dioc\u00e8se du Hainaut. Toutes nos offres sont d\u00e9sormais r\u00e9unies ici.\" \/>\n<meta name=\"robots\" content=\"index, follow, max-snippet:-1, max-image-preview:large, max-video-preview:-1\" \/>\n<link rel=\"canonical\" href=\"https:\/\/csahainaut.be\/\" \/>\n<meta property=\"og:locale\" content=\"en_US\" \/>\n<meta property=\"og:type\" content=\"article\" \/>\n<meta property=\"og:title\" content=\"Accueil - CSA Hainaut\" \/>\n<meta property=\"og:description\" content=\"Bienvenue sur le site de la cellule de soutien et d&#039;accompagnement du dioc\u00e8se du Hainaut. Toutes nos offres sont d\u00e9sormais r\u00e9unies ici.\" \/>\n<meta property=\"og:url\" content=\"https:\/\/csahainaut.be\/\" \/>\n<meta property=\"og:site_name\" content=\"CSA HAINAUT fondamental\" \/>\n<meta property=\"article:modified_time\" content=\"2025-12-08T08:45:08+00:00\" \/>\n<meta property=\"og:image\" content=\"http:\/\/csahainaut.be\/wp-content\/uploads\/2025\/12\/Formation-programme.png\" \/>\n<meta name=\"twitter:card\" content=\"summary_large_image\" \/>\n<meta name=\"twitter:label1\" content=\"Est. reading time\" \/>\n\t<meta name=\"twitter:data1\" content=\"1 minute\" \/>\n<script type=\"application\/ld+json\" class=\"yoast-schema-graph\">{\"@context\":\"https:\\\/\\\/schema.org\",\"@graph\":[{\"@type\":\"WebPage\",\"@id\":\"https:\\\/\\\/csahainaut.be\\\/\",\"url\":\"https:\\\/\\\/csahainaut.be\\\/\",\"name\":\"Accueil - CSA Hainaut\",\"isPartOf\":{\"@id\":\"https:\\\/\\\/csahainaut.be\\\/#website\"},\"primaryImageOfPage\":{\"@id\":\"https:\\\/\\\/csahainaut.be\\\/#primaryimage\"},\"image\":{\"@id\":\"https:\\\/\\\/csahainaut.be\\\/#primaryimage\"},\"thumbnailUrl\":\"http:\\\/\\\/csahainaut.be\\\/wp-content\\\/uploads\\\/2025\\\/12\\\/Formation-programme.png\",\"datePublished\":\"2024-06-07T08:16:58+00:00\",\"dateModified\":\"2025-12-08T08:45:08+00:00\",\"description\":\"Bienvenue sur le site de la cellule de soutien et d'accompagnement du dioc\u00e8se du Hainaut. Toutes nos offres sont d\u00e9sormais r\u00e9unies ici.\",\"breadcrumb\":{\"@id\":\"https:\\\/\\\/csahainaut.be\\\/#breadcrumb\"},\"inLanguage\":\"en-US\",\"potentialAction\":[{\"@type\":\"ReadAction\",\"target\":[\"https:\\\/\\\/csahainaut.be\\\/\"]}]},{\"@type\":\"ImageObject\",\"inLanguage\":\"en-US\",\"@id\":\"https:\\\/\\\/csahainaut.be\\\/#primaryimage\",\"url\":\"https:\\\/\\\/csahainaut.be\\\/wp-content\\\/uploads\\\/2025\\\/12\\\/Formation-programme.png\",\"contentUrl\":\"https:\\\/\\\/csahainaut.be\\\/wp-content\\\/uploads\\\/2025\\\/12\\\/Formation-programme.png\",\"width\":643,\"height\":910},{\"@type\":\"BreadcrumbList\",\"@id\":\"https:\\\/\\\/csahainaut.be\\\/#breadcrumb\",\"itemListElement\":[{\"@type\":\"ListItem\",\"position\":1,\"name\":\"Accueil\",\"item\":\"https:\\\/\\\/csahainaut.be\\\/\"},{\"@type\":\"ListItem\",\"position\":2,\"name\":\"Accueil\"}]},{\"@type\":\"WebSite\",\"@id\":\"https:\\\/\\\/csahainaut.be\\\/#website\",\"url\":\"https:\\\/\\\/csahainaut.be\\\/\",\"name\":\"CSA HAINAUT fondamental\",\"description\":\"Site des conseillers au soutien et \u00e0 l&#039;accompagnement \",\"publisher\":{\"@id\":\"https:\\\/\\\/csahainaut.be\\\/#organization\"},\"potentialAction\":[{\"@type\":\"SearchAction\",\"target\":{\"@type\":\"EntryPoint\",\"urlTemplate\":\"https:\\\/\\\/csahainaut.be\\\/?s={search_term_string}\"},\"query-input\":{\"@type\":\"PropertyValueSpecification\",\"valueRequired\":true,\"valueName\":\"search_term_string\"}}],\"inLanguage\":\"en-US\"},{\"@type\":\"Organization\",\"@id\":\"https:\\\/\\\/csahainaut.be\\\/#organization\",\"name\":\"CSA HAINAUT fondamental\",\"url\":\"https:\\\/\\\/csahainaut.be\\\/\",\"logo\":{\"@type\":\"ImageObject\",\"inLanguage\":\"en-US\",\"@id\":\"https:\\\/\\\/csahainaut.be\\\/#\\\/schema\\\/logo\\\/image\\\/\",\"url\":\"https:\\\/\\\/csahainaut.be\\\/wp-content\\\/uploads\\\/2024\\\/06\\\/cropped-logo-segec.webp\",\"contentUrl\":\"https:\\\/\\\/csahainaut.be\\\/wp-content\\\/uploads\\\/2024\\\/06\\\/cropped-logo-segec.webp\",\"width\":367,\"height\":217,\"caption\":\"CSA HAINAUT fondamental\"},\"image\":{\"@id\":\"https:\\\/\\\/csahainaut.be\\\/#\\\/schema\\\/logo\\\/image\\\/\"}}]}<\/script>\n<!-- \/ Yoast SEO plugin. -->","yoast_head_json":{"title":"Accueil - CSA Hainaut","description":"Bienvenue sur le site de la cellule de soutien et d'accompagnement du dioc\u00e8se du Hainaut. Toutes nos offres sont d\u00e9sormais r\u00e9unies ici.","robots":{"index":"index","follow":"follow","max-snippet":"max-snippet:-1","max-image-preview":"max-image-preview:large","max-video-preview":"max-video-preview:-1"},"canonical":"https:\/\/csahainaut.be\/","og_locale":"en_US","og_type":"article","og_title":"Accueil - CSA Hainaut","og_description":"Bienvenue sur le site de la cellule de soutien et d'accompagnement du dioc\u00e8se du Hainaut. Toutes nos offres sont d\u00e9sormais r\u00e9unies ici.","og_url":"https:\/\/csahainaut.be\/","og_site_name":"CSA HAINAUT fondamental","article_modified_time":"2025-12-08T08:45:08+00:00","og_image":[{"url":"http:\/\/csahainaut.be\/wp-content\/uploads\/2025\/12\/Formation-programme.png","type":"","width":"","height":""}],"twitter_card":"summary_large_image","twitter_misc":{"Est. reading time":"1 minute"},"schema":{"@context":"https:\/\/schema.org","@graph":[{"@type":"WebPage","@id":"https:\/\/csahainaut.be\/","url":"https:\/\/csahainaut.be\/","name":"Accueil - CSA Hainaut","isPartOf":{"@id":"https:\/\/csahainaut.be\/#website"},"primaryImageOfPage":{"@id":"https:\/\/csahainaut.be\/#primaryimage"},"image":{"@id":"https:\/\/csahainaut.be\/#primaryimage"},"thumbnailUrl":"http:\/\/csahainaut.be\/wp-content\/uploads\/2025\/12\/Formation-programme.png","datePublished":"2024-06-07T08:16:58+00:00","dateModified":"2025-12-08T08:45:08+00:00","description":"Bienvenue sur le site de la cellule de soutien et d'accompagnement du dioc\u00e8se du Hainaut. Toutes nos offres sont d\u00e9sormais r\u00e9unies ici.","breadcrumb":{"@id":"https:\/\/csahainaut.be\/#breadcrumb"},"inLanguage":"en-US","potentialAction":[{"@type":"ReadAction","target":["https:\/\/csahainaut.be\/"]}]},{"@type":"ImageObject","inLanguage":"en-US","@id":"https:\/\/csahainaut.be\/#primaryimage","url":"https:\/\/csahainaut.be\/wp-content\/uploads\/2025\/12\/Formation-programme.png","contentUrl":"https:\/\/csahainaut.be\/wp-content\/uploads\/2025\/12\/Formation-programme.png","width":643,"height":910},{"@type":"BreadcrumbList","@id":"https:\/\/csahainaut.be\/#breadcrumb","itemListElement":[{"@type":"ListItem","position":1,"name":"Accueil","item":"https:\/\/csahainaut.be\/"},{"@type":"ListItem","position":2,"name":"Accueil"}]},{"@type":"WebSite","@id":"https:\/\/csahainaut.be\/#website","url":"https:\/\/csahainaut.be\/","name":"CSA HAINAUT fondamental","description":"Site des conseillers au soutien et \u00e0 l&#039;accompagnement ","publisher":{"@id":"https:\/\/csahainaut.be\/#organization"},"potentialAction":[{"@type":"SearchAction","target":{"@type":"EntryPoint","urlTemplate":"https:\/\/csahainaut.be\/?s={search_term_string}"},"query-input":{"@type":"PropertyValueSpecification","valueRequired":true,"valueName":"search_term_string"}}],"inLanguage":"en-US"},{"@type":"Organization","@id":"https:\/\/csahainaut.be\/#organization","name":"CSA HAINAUT fondamental","url":"https:\/\/csahainaut.be\/","logo":{"@type":"ImageObject","inLanguage":"en-US","@id":"https:\/\/csahainaut.be\/#\/schema\/logo\/image\/","url":"https:\/\/csahainaut.be\/wp-content\/uploads\/2024\/06\/cropped-logo-segec.webp","contentUrl":"https:\/\/csahainaut.be\/wp-content\/uploads\/2024\/06\/cropped-logo-segec.webp","width":367,"height":217,"caption":"CSA HAINAUT fondamental"},"image":{"@id":"https:\/\/csahainaut.be\/#\/schema\/logo\/image\/"}}]}},"jetpack_sharing_enabled":true,"_links":{"self":[{"href":"https:\/\/csahainaut.be\/index.php?rest_route=\/wp\/v2\/pages\/77","targetHints":{"allow":["GET"]}}],"collection":[{"href":"https:\/\/csahainaut.be\/index.php?rest_route=\/wp\/v2\/pages"}],"about":[{"href":"https:\/\/csahainaut.be\/index.php?rest_route=\/wp\/v2\/types\/page"}],"author":[{"embeddable":true,"href":"https:\/\/csahainaut.be\/index.php?rest_route=\/wp\/v2\/users\/2"}],"replies":[{"embeddable":true,"href":"https:\/\/csahainaut.be\/index.php?rest_route=%2Fwp%2Fv2%2Fcomments&post=77"}],"version-history":[{"count":142,"href":"https:\/\/csahainaut.be\/index.php?rest_route=\/wp\/v2\/pages\/77\/revisions"}],"predecessor-version":[{"id":1741,"href":"https:\/\/csahainaut.be\/index.php?rest_route=\/wp\/v2\/pages\/77\/revisions\/1741"}],"wp:attachment":[{"href":"https:\/\/csahainaut.be\/index.php?rest_route=%2Fwp%2Fv2%2Fmedia&parent=77"}],"curies":[{"name":"wp","href":"https:\/\/api.w.org\/{rel}","templated":true}]}}