{"id":334,"date":"2024-06-17T09:44:24","date_gmt":"2024-06-17T07:44:24","guid":{"rendered":"https:\/\/csahainaut.be\/?page_id=334"},"modified":"2025-10-02T12:49:02","modified_gmt":"2025-10-02T10:49:02","slug":"collectif-nouvelles-directions-annees-2-3-4","status":"publish","type":"page","link":"https:\/\/csahainaut.be\/?page_id=334","title":{"rendered":"Collectif nouvelles directions ann\u00e9es 2-3-4"},"content":{"rendered":"\t\t<div data-elementor-type=\"wp-page\" data-elementor-id=\"334\" class=\"elementor elementor-334\">\n\t\t\t\t<div class=\"elementor-element elementor-element-1eb017c e-con-full e-flex e-con e-parent\" data-id=\"1eb017c\" data-element_type=\"container\" data-e-type=\"container\">\n\t\t\t\t<div class=\"elementor-element elementor-element-66bf608 elementor-widget__width-initial elementor-widget elementor-widget-heading\" data-id=\"66bf608\" data-element_type=\"widget\" data-e-type=\"widget\" data-widget_type=\"heading.default\">\n\t\t\t\t<div class=\"elementor-widget-container\">\n\t\t\t\t\t<h3 class=\"elementor-heading-title elementor-size-default\"><i>Collectif ann\u00e9es 2-3-4<\/i><\/h3>\t\t\t\t<\/div>\n\t\t\t\t<\/div>\n\t\t\t\t<div class=\"elementor-element elementor-element-4793307 elementor-widget__width-inherit elementor-widget-divider--view-line elementor-widget elementor-widget-divider\" data-id=\"4793307\" data-element_type=\"widget\" data-e-type=\"widget\" data-widget_type=\"divider.default\">\n\t\t\t\t<div class=\"elementor-widget-container\">\n\t\t\t\t\t\t\t<div class=\"elementor-divider\">\n\t\t\t<span class=\"elementor-divider-separator\">\n\t\t\t\t\t\t<\/span>\n\t\t<\/div>\n\t\t\t\t\t\t<\/div>\n\t\t\t\t<\/div>\n\t\t\t\t<\/div>\n\t\t<div class=\"elementor-element elementor-element-1c2f56f e-con-full e-flex e-con e-parent\" data-id=\"1c2f56f\" data-element_type=\"container\" data-e-type=\"container\">\n\t\t<div class=\"elementor-element elementor-element-d34bb12 e-con-full e-flex e-con e-child\" data-id=\"d34bb12\" data-element_type=\"container\" data-e-type=\"container\">\n\t\t\t\t<div class=\"elementor-element elementor-element-118da1b elementor-widget__width-initial elementor-widget elementor-widget-text-editor\" data-id=\"118da1b\" data-element_type=\"widget\" data-e-type=\"widget\" data-widget_type=\"text-editor.default\">\n\t\t\t\t<div class=\"elementor-widget-container\">\n\t\t\t\t\t\t\t\t\t<p><span class=\"TextRun SCXW198693989 BCX8\" lang=\"FR-BE\" xml:lang=\"FR-BE\" data-contrast=\"auto\"><span class=\"NormalTextRun SCXW198693989 BCX8\"><span class=\"TextRun SCXW36285642 BCX8\" lang=\"FR-FR\" xml:lang=\"FR-FR\" data-contrast=\"auto\"><span class=\"NormalTextRun SCXW36285642 BCX8\">D\u00e9velopper son leadership<\/span><\/span><span class=\"EOP SCXW36285642 BCX8\" data-ccp-props=\"{&quot;201341983&quot;:0,&quot;335559740&quot;:279}\">\u00a0<\/span><\/span><\/span><\/p><p><b><span style=\"color: var( --e-global-color-text ); font-family: var( --e-global-typography-text-font-family ), Sans-serif; text-align: var(--text-align);\"><span data-contrast=\"auto\">Public cible<\/span><\/span><span style=\"color: var( --e-global-color-text ); font-family: var( --e-global-typography-text-font-family ), Sans-serif; text-align: var(--text-align);\" data-ccp-props=\"{&quot;201341983&quot;:0,&quot;335559740&quot;:279}\">\u00a0<\/span><\/b><\/p><p><span class=\"TextRun SCXW33327476 BCX8\" lang=\"FR-BE\" xml:lang=\"FR-BE\" data-contrast=\"auto\"><span class=\"NormalTextRun SCXW33327476 BCX8\">Les directions de l&#8217;enseignement fondamental catholique, dans leur ann\u00e9e 2, 3 ou 4.<\/span><\/span><\/p><p><b><span data-contrast=\"auto\">Objectifs<\/span><\/b><span data-ccp-props=\"{&quot;201341983&quot;:0,&quot;335559740&quot;:279}\">\u00a0<\/span><\/p><ul><li><span data-contrast=\"auto\">Affiner ses connaissances et compr\u00e9hension de sa posture (\u00ab moi en tant que <\/span><span data-contrast=\"auto\">leader \u00bb)<br \/><\/span><\/li><li><span class=\"TextRun SCXW73582961 BCX8\" lang=\"FR-FR\" xml:lang=\"FR-FR\" data-contrast=\"auto\"><span class=\"NormalTextRun SCXW73582961 BCX8\">D\u00e9velopper un r\u00e9seau professionnel<\/span><\/span><span class=\"EOP SCXW73582961 BCX8\" data-ccp-props=\"{&quot;134233117&quot;:false,&quot;134233118&quot;:false,&quot;201341983&quot;:0,&quot;335559738&quot;:0,&quot;335559739&quot;:160,&quot;335559740&quot;:276}\">\u00a0<\/span><\/li><li><span class=\"TextRun SCXW194598500 BCX8\" lang=\"FR-FR\" xml:lang=\"FR-FR\" data-contrast=\"auto\"><span class=\"NormalTextRun SCXW194598500 BCX8\">S\u2019outiller entre pairs pour renforcer son pilotage<\/span><\/span><span class=\"EOP SCXW194598500 BCX8\" data-ccp-props=\"{&quot;134233117&quot;:false,&quot;134233118&quot;:false,&quot;201341983&quot;:0,&quot;335559738&quot;:0,&quot;335559739&quot;:160,&quot;335559740&quot;:276}\">\u00a0<\/span><\/li><li><p><span data-contrast=\"auto\">D\u00e9velopper des gestes professionnels soutenants en mati\u00e8re d\u2019analyse de<\/span><span data-ccp-props=\"{&quot;134233117&quot;:false,&quot;134233118&quot;:false,&quot;201341983&quot;:0,&quot;335559738&quot;:0,&quot;335559739&quot;:160,&quot;335559740&quot;:276}\">\u00a0<\/span><span data-contrast=\"auto\">pratiques (\u00ab moi coach de mon \u00e9quipe \u00bb)<\/span><span data-ccp-props=\"{&quot;134233117&quot;:false,&quot;134233118&quot;:false,&quot;201341983&quot;:0,&quot;335559738&quot;:0,&quot;335559739&quot;:160,&quot;335559740&quot;:276}\">\u00a0<\/span><\/p><\/li><\/ul><p><b><span data-contrast=\"auto\"><br \/>Descriptif<\/span><\/b><span data-ccp-props=\"{&quot;201341983&quot;:0,&quot;335559740&quot;:279}\">\u00a0<\/span><\/p><p><span data-contrast=\"auto\">Un m\u00e9lange entre d\u00e9couvertes d\u2019outils r\u00e9pondant \u00e0 vos besoins li\u00e9s \u00e0 vos premi\u00e8res ann\u00e9es en fonction, partages et\u202fanalyses\u202fde\u202fpratiques.<\/span><span data-ccp-props=\"{}\">\u00a0<\/span><\/p><p><span style=\"color: #ff0000;\">\u00a0<b>Des moments de rencontre, des avantages pour tous !<\/b>\u00a0<\/span><\/p><p><span data-ccp-props=\"{}\">\u00a0<\/span><b><span data-contrast=\"auto\">&#8220;Nouvelles Directions &#8211; Ann\u00e9e 1&#8221;, &#8220;Collectif Ann\u00e9e 1&#8221;<\/span><\/b><span data-contrast=\"auto\"> et <\/span><b><span data-contrast=\"auto\">&#8220;Collectif Ann\u00e9es 2-3-4&#8221;<\/span><\/b><span data-contrast=\"auto\"> auront leurs dates en commun.\u00a0 <br \/>A certains moments, lors de ces collectifs, les 2 groupes se rencontreront pour \u00e9changer et grandir ensemble.<\/span><span data-ccp-props=\"{}\">\u00a0<\/span><\/p><p><span data-contrast=\"auto\">Vous d\u00e9butez ? Profitez des conseils de ceux qui ont d\u00e9j\u00e0 quelques ann\u00e9es d&#8217;exp\u00e9rience. Vous b\u00e9n\u00e9ficierez de retours concrets et de partages de bonnes pratiques pour faciliter votre prise de fonction.<\/span><span data-ccp-props=\"{}\">\u00a0<\/span><\/p><p><span data-contrast=\"auto\">Vous \u00eates plus exp\u00e9riment\u00e9 (Ann\u00e9es 2-3-4) ? Participez \u00e0 des moments de<\/span><b><span data-contrast=\"auto\"> t\u00e9moignage<\/span><\/b><span data-contrast=\"auto\">. En partageant votre v\u00e9cu et en expliquant comment vous avez structur\u00e9 vos gestes professionnels, vous consoliderez vos propres acquis et contribuerez activement au d\u00e9veloppement de vos pairs. C&#8217;est aussi une excellente fa\u00e7on de renforcer votre leadership et d&#8217;affiner votre posture de &#8220;coach&#8221; au sein de votre \u00e9quipe.<\/span><span data-ccp-props=\"{}\">\u00a0<\/span><\/p><p><span data-contrast=\"auto\">C&#8217;est l&#8217;occasion de :<\/span><span data-ccp-props=\"{}\">\u00a0<\/span><\/p><ul><li data-leveltext=\"\uf0b7\" data-font=\"Symbol\" data-listid=\"1\" data-list-defn-props=\"{&quot;335552541&quot;:1,&quot;335559685&quot;:720,&quot;335559991&quot;:360,&quot;469769226&quot;:&quot;Symbol&quot;,&quot;469769242&quot;:[8226],&quot;469777803&quot;:&quot;left&quot;,&quot;469777804&quot;:&quot;\uf0b7&quot;,&quot;469777815&quot;:&quot;multilevel&quot;}\" aria-setsize=\"-1\" data-aria-posinset=\"1\" data-aria-level=\"1\"><b><span data-contrast=\"auto\">Apprendre les uns des autres :<\/span><\/b><span data-contrast=\"auto\"> Que vous soyez novice ou confirm\u00e9, chacun a des exp\u00e9riences et des outils \u00e0 partager.<\/span><span data-ccp-props=\"{}\">\u00a0<\/span><\/li><\/ul><ul><li data-leveltext=\"\uf0b7\" data-font=\"Symbol\" data-listid=\"1\" data-list-defn-props=\"{&quot;335552541&quot;:1,&quot;335559685&quot;:720,&quot;335559991&quot;:360,&quot;469769226&quot;:&quot;Symbol&quot;,&quot;469769242&quot;:[8226],&quot;469777803&quot;:&quot;left&quot;,&quot;469777804&quot;:&quot;\uf0b7&quot;,&quot;469777815&quot;:&quot;multilevel&quot;}\" aria-setsize=\"-1\" data-aria-posinset=\"2\" data-aria-level=\"1\"><b><span data-contrast=\"auto\">D\u00e9velopper votre r\u00e9seau :<\/span><\/b><span data-contrast=\"auto\"> Cr\u00e9ez des liens avec d&#8217;autres directions et \u00e9largissez votre cercle professionnel.<\/span><span data-ccp-props=\"{}\">\u00a0<\/span><\/li><\/ul><ul><li data-leveltext=\"\uf0b7\" data-font=\"Symbol\" data-listid=\"1\" data-list-defn-props=\"{&quot;335552541&quot;:1,&quot;335559685&quot;:720,&quot;335559991&quot;:360,&quot;469769226&quot;:&quot;Symbol&quot;,&quot;469769242&quot;:[8226],&quot;469777803&quot;:&quot;left&quot;,&quot;469777804&quot;:&quot;\uf0b7&quot;,&quot;469777815&quot;:&quot;multilevel&quot;}\" aria-setsize=\"-1\" data-aria-posinset=\"3\" data-aria-level=\"1\"><b><span data-contrast=\"auto\">Renforcer vos comp\u00e9tences :<\/span><\/b><span data-contrast=\"auto\"> \u00c9changez sur des situations concr\u00e8tes et trouvez de nouvelles solutions pour votre quotidien.<\/span><span data-ccp-props=\"{}\">\u00a0<br \/><br \/><\/span><\/li><\/ul><p><span data-contrast=\"auto\">Ensemble, nous avan\u00e7ons mieux !<\/span><span data-ccp-props=\"{}\">\u00a0<\/span><\/p>\t\t\t\t\t\t\t\t<\/div>\n\t\t\t\t<\/div>\n\t\t\t\t<\/div>\n\t\t<div class=\"elementor-element elementor-element-c451800 e-con-full e-flex e-con e-child\" data-id=\"c451800\" data-element_type=\"container\" data-e-type=\"container\">\n\t\t\t\t<div class=\"elementor-element elementor-element-91f9b08 elementor-widget elementor-widget-heading\" data-id=\"91f9b08\" data-element_type=\"widget\" data-e-type=\"widget\" data-widget_type=\"heading.default\">\n\t\t\t\t<div class=\"elementor-widget-container\">\n\t\t\t\t\t<h4 class=\"elementor-heading-title elementor-size-default\">Modalit\u00e9s<\/h4>\t\t\t\t<\/div>\n\t\t\t\t<\/div>\n\t\t\t\t<div class=\"elementor-element elementor-element-cd72fb3 elementor-widget__width-initial elementor-widget elementor-widget-text-editor\" data-id=\"cd72fb3\" data-element_type=\"widget\" data-e-type=\"widget\" data-widget_type=\"text-editor.default\">\n\t\t\t\t<div class=\"elementor-widget-container\">\n\t\t\t\t\t\t\t\t\t<ul>\n<li>5 journ\u00e9es de 9h00 \u00e0 16h00<\/li>\n<li style=\"text-align: left;\">En pr\u00e9sentiel \u00e0 la Maison Dioc\u00e9saine de Mons<\/li>\n<\/ul>\t\t\t\t\t\t\t\t<\/div>\n\t\t\t\t<\/div>\n\t\t\t\t<div class=\"elementor-element elementor-element-bb8713c elementor-widget-divider--view-line elementor-widget elementor-widget-divider\" data-id=\"bb8713c\" data-element_type=\"widget\" data-e-type=\"widget\" data-widget_type=\"divider.default\">\n\t\t\t\t<div class=\"elementor-widget-container\">\n\t\t\t\t\t\t\t<div class=\"elementor-divider\">\n\t\t\t<span class=\"elementor-divider-separator\">\n\t\t\t\t\t\t<\/span>\n\t\t<\/div>\n\t\t\t\t\t\t<\/div>\n\t\t\t\t<\/div>\n\t\t\t\t<div class=\"elementor-element elementor-element-49b40c7 elementor-widget elementor-widget-heading\" data-id=\"49b40c7\" data-element_type=\"widget\" data-e-type=\"widget\" data-widget_type=\"heading.default\">\n\t\t\t\t<div class=\"elementor-widget-container\">\n\t\t\t\t\t<h4 class=\"elementor-heading-title elementor-size-default\">Dates<\/h4>\t\t\t\t<\/div>\n\t\t\t\t<\/div>\n\t\t\t\t<div class=\"elementor-element elementor-element-eacf603 elementor-widget elementor-widget-text-editor\" data-id=\"eacf603\" data-element_type=\"widget\" data-e-type=\"widget\" data-widget_type=\"text-editor.default\">\n\t\t\t\t<div class=\"elementor-widget-container\">\n\t\t\t\t\t\t\t\t\t<ul><li>Jeudi 09\/10\/25<\/li><li>\u00a0Lundi 01\/12\/25<\/li><li>Vendredi 23\/01\/26<\/li><li>Mardi 17\/03\/26<\/li><li>Mardi 12\/05\/26<\/li><\/ul>\t\t\t\t\t\t\t\t<\/div>\n\t\t\t\t<\/div>\n\t\t\t\t<div class=\"elementor-element elementor-element-e153fa8 elementor-widget-divider--view-line elementor-widget elementor-widget-divider\" data-id=\"e153fa8\" data-element_type=\"widget\" data-e-type=\"widget\" data-widget_type=\"divider.default\">\n\t\t\t\t<div class=\"elementor-widget-container\">\n\t\t\t\t\t\t\t<div class=\"elementor-divider\">\n\t\t\t<span class=\"elementor-divider-separator\">\n\t\t\t\t\t\t<\/span>\n\t\t<\/div>\n\t\t\t\t\t\t<\/div>\n\t\t\t\t<\/div>\n\t\t\t\t<div class=\"elementor-element elementor-element-9706713 elementor-widget elementor-widget-heading\" data-id=\"9706713\" data-element_type=\"widget\" data-e-type=\"widget\" data-widget_type=\"heading.default\">\n\t\t\t\t<div class=\"elementor-widget-container\">\n\t\t\t\t\t<h4 class=\"elementor-heading-title elementor-size-default\">CSA<\/h4>\t\t\t\t<\/div>\n\t\t\t\t<\/div>\n\t\t\t\t<div class=\"elementor-element elementor-element-e80afb3 elementor-widget elementor-widget-text-editor\" data-id=\"e80afb3\" data-element_type=\"widget\" data-e-type=\"widget\" data-widget_type=\"text-editor.default\">\n\t\t\t\t<div class=\"elementor-widget-container\">\n\t\t\t\t\t\t\t\t\t<ul><li>\u00a0St\u00e9phane Duvivier<\/li><li>Julie Dagnely<\/li><\/ul>\t\t\t\t\t\t\t\t<\/div>\n\t\t\t\t<\/div>\n\t\t\t\t<div class=\"elementor-element elementor-element-d069e15 elementor-widget-divider--view-line elementor-widget elementor-widget-divider\" data-id=\"d069e15\" data-element_type=\"widget\" data-e-type=\"widget\" data-widget_type=\"divider.default\">\n\t\t\t\t<div class=\"elementor-widget-container\">\n\t\t\t\t\t\t\t<div class=\"elementor-divider\">\n\t\t\t<span class=\"elementor-divider-separator\">\n\t\t\t\t\t\t<\/span>\n\t\t<\/div>\n\t\t\t\t\t\t<\/div>\n\t\t\t\t<\/div>\n\t\t\t\t<div class=\"elementor-element elementor-element-573afcd elementor-widget elementor-widget-heading\" data-id=\"573afcd\" data-element_type=\"widget\" data-e-type=\"widget\" data-widget_type=\"heading.default\">\n\t\t\t\t<div class=\"elementor-widget-container\">\n\t\t\t\t\t<h4 class=\"elementor-heading-title elementor-size-default\">Formulaire d'inscription<\/h4>\t\t\t\t<\/div>\n\t\t\t\t<\/div>\n\t\t\t\t<div class=\"elementor-element elementor-element-f88820f elementor-widget elementor-widget-text-editor\" data-id=\"f88820f\" data-element_type=\"widget\" data-e-type=\"widget\" data-widget_type=\"text-editor.default\">\n\t\t\t\t<div class=\"elementor-widget-container\">\n\t\t\t\t\t\t\t\t\t<p><iframe style=\"border: none; max-width: 100%; max-height: 100vh;\" src=\"https:\/\/forms.office.com\/Pages\/ResponsePage.aspx?id=aKMx8CQ0iUWkqbSyzIWbv1WMGCKpv3NOsLaWuv1ZgalUNlM0UFlWNkMzOTVMRzY1QTBaOEdDNk9XVC4u&amp;embed=true\" width=\"640px\" height=\"480px\" frameborder=\"0\" marginwidth=\"0\" marginheight=\"0\" allowfullscreen=\"allowfullscreen\"> <\/iframe><\/p>\t\t\t\t\t\t\t\t<\/div>\n\t\t\t\t<\/div>\n\t\t\t\t<\/div>\n\t\t\t\t<\/div>\n\t\t\t\t<\/div>\n\t\t","protected":false},"excerpt":{"rendered":"<p>Collectif ann\u00e9es 2-3-4 D\u00e9velopper son leadership\u00a0 Public cible\u00a0 Les directions de l&#8217;enseignement fondamental catholique, dans leur ann\u00e9e 2, 3 ou 4. Objectifs\u00a0 Affiner ses connaissances et compr\u00e9hension de sa posture (\u00ab moi en tant que leader \u00bb) D\u00e9velopper un r\u00e9seau professionnel\u00a0 S\u2019outiller entre pairs pour renforcer son pilotage\u00a0 D\u00e9velopper des gestes professionnels soutenants en mati\u00e8re &hellip; <\/p>\n<p><a class=\"more-link btn\" href=\"https:\/\/csahainaut.be\/?page_id=334\">Continue reading<\/a><\/p>\n","protected":false},"author":1,"featured_media":0,"parent":0,"menu_order":0,"comment_status":"closed","ping_status":"closed","template":"","meta":{"footnotes":""},"class_list":["post-334","page","type-page","status-publish","hentry","nodate","item-wrap"],"yoast_head":"<!-- This site is optimized with the Yoast SEO plugin v27.4 - https:\/\/yoast.com\/product\/yoast-seo-wordpress\/ -->\n<title>Collectif nouvelles directions ann\u00e9es 2-3-4 - CSA HAINAUT fondamental<\/title>\n<meta name=\"robots\" content=\"index, follow, max-snippet:-1, max-image-preview:large, max-video-preview:-1\" \/>\n<link rel=\"canonical\" href=\"http:\/\/csahainaut.be\/?page_id=334\" \/>\n<meta property=\"og:locale\" content=\"en_US\" \/>\n<meta property=\"og:type\" content=\"article\" \/>\n<meta property=\"og:title\" content=\"Collectif nouvelles directions ann\u00e9es 2-3-4 - CSA HAINAUT fondamental\" \/>\n<meta property=\"og:description\" content=\"Collectif ann\u00e9es 2-3-4 D\u00e9velopper son leadership\u00a0 Public cible\u00a0 Les directions de l&#8217;enseignement fondamental catholique, dans leur ann\u00e9e 2, 3 ou 4. Objectifs\u00a0 Affiner ses connaissances et compr\u00e9hension de sa posture (\u00ab moi en tant que leader \u00bb) D\u00e9velopper un r\u00e9seau professionnel\u00a0 S\u2019outiller entre pairs pour renforcer son pilotage\u00a0 D\u00e9velopper des gestes professionnels soutenants en mati\u00e8re &hellip; Continue reading\" \/>\n<meta property=\"og:url\" content=\"http:\/\/csahainaut.be\/?page_id=334\" \/>\n<meta property=\"og:site_name\" content=\"CSA HAINAUT fondamental\" \/>\n<meta property=\"article:modified_time\" content=\"2025-10-02T10:49:02+00:00\" \/>\n<meta name=\"twitter:card\" content=\"summary_large_image\" \/>\n<meta name=\"twitter:label1\" content=\"Est. reading time\" \/>\n\t<meta name=\"twitter:data1\" content=\"2 minutes\" \/>\n<script type=\"application\/ld+json\" class=\"yoast-schema-graph\">{\"@context\":\"https:\\\/\\\/schema.org\",\"@graph\":[{\"@type\":\"WebPage\",\"@id\":\"http:\\\/\\\/csahainaut.be\\\/?page_id=334\",\"url\":\"http:\\\/\\\/csahainaut.be\\\/?page_id=334\",\"name\":\"Collectif nouvelles directions ann\u00e9es 2-3-4 - CSA HAINAUT fondamental\",\"isPartOf\":{\"@id\":\"http:\\\/\\\/csahainaut.be\\\/#website\"},\"datePublished\":\"2024-06-17T07:44:24+00:00\",\"dateModified\":\"2025-10-02T10:49:02+00:00\",\"breadcrumb\":{\"@id\":\"http:\\\/\\\/csahainaut.be\\\/?page_id=334#breadcrumb\"},\"inLanguage\":\"en-US\",\"potentialAction\":[{\"@type\":\"ReadAction\",\"target\":[\"http:\\\/\\\/csahainaut.be\\\/?page_id=334\"]}]},{\"@type\":\"BreadcrumbList\",\"@id\":\"http:\\\/\\\/csahainaut.be\\\/?page_id=334#breadcrumb\",\"itemListElement\":[{\"@type\":\"ListItem\",\"position\":1,\"name\":\"Accueil\",\"item\":\"http:\\\/\\\/csahainaut.be\\\/\"},{\"@type\":\"ListItem\",\"position\":2,\"name\":\"Collectif nouvelles directions ann\u00e9es 2-3-4\"}]},{\"@type\":\"WebSite\",\"@id\":\"http:\\\/\\\/csahainaut.be\\\/#website\",\"url\":\"http:\\\/\\\/csahainaut.be\\\/\",\"name\":\"CSA HAINAUT fondamental\",\"description\":\"Site des conseillers au soutien et \u00e0 l&#039;accompagnement \",\"publisher\":{\"@id\":\"http:\\\/\\\/csahainaut.be\\\/#organization\"},\"potentialAction\":[{\"@type\":\"SearchAction\",\"target\":{\"@type\":\"EntryPoint\",\"urlTemplate\":\"http:\\\/\\\/csahainaut.be\\\/?s={search_term_string}\"},\"query-input\":{\"@type\":\"PropertyValueSpecification\",\"valueRequired\":true,\"valueName\":\"search_term_string\"}}],\"inLanguage\":\"en-US\"},{\"@type\":\"Organization\",\"@id\":\"http:\\\/\\\/csahainaut.be\\\/#organization\",\"name\":\"CSA HAINAUT fondamental\",\"url\":\"http:\\\/\\\/csahainaut.be\\\/\",\"logo\":{\"@type\":\"ImageObject\",\"inLanguage\":\"en-US\",\"@id\":\"http:\\\/\\\/csahainaut.be\\\/#\\\/schema\\\/logo\\\/image\\\/\",\"url\":\"https:\\\/\\\/csahainaut.be\\\/wp-content\\\/uploads\\\/2024\\\/06\\\/cropped-logo-segec.webp\",\"contentUrl\":\"https:\\\/\\\/csahainaut.be\\\/wp-content\\\/uploads\\\/2024\\\/06\\\/cropped-logo-segec.webp\",\"width\":367,\"height\":217,\"caption\":\"CSA HAINAUT fondamental\"},\"image\":{\"@id\":\"http:\\\/\\\/csahainaut.be\\\/#\\\/schema\\\/logo\\\/image\\\/\"}}]}<\/script>\n<!-- \/ Yoast SEO plugin. -->","yoast_head_json":{"title":"Collectif nouvelles directions ann\u00e9es 2-3-4 - CSA HAINAUT fondamental","robots":{"index":"index","follow":"follow","max-snippet":"max-snippet:-1","max-image-preview":"max-image-preview:large","max-video-preview":"max-video-preview:-1"},"canonical":"http:\/\/csahainaut.be\/?page_id=334","og_locale":"en_US","og_type":"article","og_title":"Collectif nouvelles directions ann\u00e9es 2-3-4 - CSA HAINAUT fondamental","og_description":"Collectif ann\u00e9es 2-3-4 D\u00e9velopper son leadership\u00a0 Public cible\u00a0 Les directions de l&#8217;enseignement fondamental catholique, dans leur ann\u00e9e 2, 3 ou 4. Objectifs\u00a0 Affiner ses connaissances et compr\u00e9hension de sa posture (\u00ab moi en tant que leader \u00bb) D\u00e9velopper un r\u00e9seau professionnel\u00a0 S\u2019outiller entre pairs pour renforcer son pilotage\u00a0 D\u00e9velopper des gestes professionnels soutenants en mati\u00e8re &hellip; Continue reading","og_url":"http:\/\/csahainaut.be\/?page_id=334","og_site_name":"CSA HAINAUT fondamental","article_modified_time":"2025-10-02T10:49:02+00:00","twitter_card":"summary_large_image","twitter_misc":{"Est. reading time":"2 minutes"},"schema":{"@context":"https:\/\/schema.org","@graph":[{"@type":"WebPage","@id":"http:\/\/csahainaut.be\/?page_id=334","url":"http:\/\/csahainaut.be\/?page_id=334","name":"Collectif nouvelles directions ann\u00e9es 2-3-4 - CSA HAINAUT fondamental","isPartOf":{"@id":"http:\/\/csahainaut.be\/#website"},"datePublished":"2024-06-17T07:44:24+00:00","dateModified":"2025-10-02T10:49:02+00:00","breadcrumb":{"@id":"http:\/\/csahainaut.be\/?page_id=334#breadcrumb"},"inLanguage":"en-US","potentialAction":[{"@type":"ReadAction","target":["http:\/\/csahainaut.be\/?page_id=334"]}]},{"@type":"BreadcrumbList","@id":"http:\/\/csahainaut.be\/?page_id=334#breadcrumb","itemListElement":[{"@type":"ListItem","position":1,"name":"Accueil","item":"http:\/\/csahainaut.be\/"},{"@type":"ListItem","position":2,"name":"Collectif nouvelles directions ann\u00e9es 2-3-4"}]},{"@type":"WebSite","@id":"http:\/\/csahainaut.be\/#website","url":"http:\/\/csahainaut.be\/","name":"CSA HAINAUT fondamental","description":"Site des conseillers au soutien et \u00e0 l&#039;accompagnement ","publisher":{"@id":"http:\/\/csahainaut.be\/#organization"},"potentialAction":[{"@type":"SearchAction","target":{"@type":"EntryPoint","urlTemplate":"http:\/\/csahainaut.be\/?s={search_term_string}"},"query-input":{"@type":"PropertyValueSpecification","valueRequired":true,"valueName":"search_term_string"}}],"inLanguage":"en-US"},{"@type":"Organization","@id":"http:\/\/csahainaut.be\/#organization","name":"CSA HAINAUT fondamental","url":"http:\/\/csahainaut.be\/","logo":{"@type":"ImageObject","inLanguage":"en-US","@id":"http:\/\/csahainaut.be\/#\/schema\/logo\/image\/","url":"https:\/\/csahainaut.be\/wp-content\/uploads\/2024\/06\/cropped-logo-segec.webp","contentUrl":"https:\/\/csahainaut.be\/wp-content\/uploads\/2024\/06\/cropped-logo-segec.webp","width":367,"height":217,"caption":"CSA HAINAUT fondamental"},"image":{"@id":"http:\/\/csahainaut.be\/#\/schema\/logo\/image\/"}}]}},"jetpack_sharing_enabled":true,"_links":{"self":[{"href":"https:\/\/csahainaut.be\/index.php?rest_route=\/wp\/v2\/pages\/334","targetHints":{"allow":["GET"]}}],"collection":[{"href":"https:\/\/csahainaut.be\/index.php?rest_route=\/wp\/v2\/pages"}],"about":[{"href":"https:\/\/csahainaut.be\/index.php?rest_route=\/wp\/v2\/types\/page"}],"author":[{"embeddable":true,"href":"https:\/\/csahainaut.be\/index.php?rest_route=\/wp\/v2\/users\/1"}],"replies":[{"embeddable":true,"href":"https:\/\/csahainaut.be\/index.php?rest_route=%2Fwp%2Fv2%2Fcomments&post=334"}],"version-history":[{"count":52,"href":"https:\/\/csahainaut.be\/index.php?rest_route=\/wp\/v2\/pages\/334\/revisions"}],"predecessor-version":[{"id":1726,"href":"https:\/\/csahainaut.be\/index.php?rest_route=\/wp\/v2\/pages\/334\/revisions\/1726"}],"wp:attachment":[{"href":"https:\/\/csahainaut.be\/index.php?rest_route=%2Fwp%2Fv2%2Fmedia&parent=334"}],"curies":[{"name":"wp","href":"https:\/\/api.w.org\/{rel}","templated":true}]}}