{"id":332,"date":"2024-06-17T09:44:01","date_gmt":"2024-06-17T07:44:01","guid":{"rendered":"https:\/\/csahainaut.be\/?page_id=332"},"modified":"2025-07-02T13:32:27","modified_gmt":"2025-07-02T11:32:27","slug":"collectif-nouvelles-directions-annee-1","status":"publish","type":"page","link":"https:\/\/csahainaut.be\/?page_id=332","title":{"rendered":"Collectif nouvelles directions ann\u00e9e 1"},"content":{"rendered":"\t\t<div data-elementor-type=\"wp-page\" data-elementor-id=\"332\" class=\"elementor elementor-332\">\n\t\t\t\t<div class=\"elementor-element elementor-element-9ff4014 e-con-full e-flex e-con e-parent\" data-id=\"9ff4014\" data-element_type=\"container\" data-e-type=\"container\">\n\t\t\t\t<div class=\"elementor-element elementor-element-cab9a94 elementor-widget__width-initial elementor-widget elementor-widget-heading\" data-id=\"cab9a94\" data-element_type=\"widget\" data-e-type=\"widget\" data-widget_type=\"heading.default\">\n\t\t\t\t<div class=\"elementor-widget-container\">\n\t\t\t\t\t<h3 class=\"elementor-heading-title elementor-size-default\"><i>Collectif ann\u00e9e 1<\/i><\/h3>\t\t\t\t<\/div>\n\t\t\t\t<\/div>\n\t\t\t\t<div class=\"elementor-element elementor-element-bc0b59d elementor-widget__width-inherit elementor-widget-divider--view-line elementor-widget elementor-widget-divider\" data-id=\"bc0b59d\" data-element_type=\"widget\" data-e-type=\"widget\" data-widget_type=\"divider.default\">\n\t\t\t\t<div class=\"elementor-widget-container\">\n\t\t\t\t\t\t\t<div class=\"elementor-divider\">\n\t\t\t<span class=\"elementor-divider-separator\">\n\t\t\t\t\t\t<\/span>\n\t\t<\/div>\n\t\t\t\t\t\t<\/div>\n\t\t\t\t<\/div>\n\t\t\t\t<\/div>\n\t\t<div class=\"elementor-element elementor-element-7a1cba1 e-con-full e-flex e-con e-parent\" data-id=\"7a1cba1\" data-element_type=\"container\" data-e-type=\"container\">\n\t\t<div class=\"elementor-element elementor-element-36779b8 e-con-full e-flex e-con e-child\" data-id=\"36779b8\" data-element_type=\"container\" data-e-type=\"container\">\n\t\t\t\t<div class=\"elementor-element elementor-element-8366419 elementor-widget__width-initial elementor-widget elementor-widget-text-editor\" data-id=\"8366419\" data-element_type=\"widget\" data-e-type=\"widget\" data-widget_type=\"text-editor.default\">\n\t\t\t\t<div class=\"elementor-widget-container\">\n\t\t\t\t\t\t\t\t\t<p><span class=\"TextRun SCXW198693989 BCX8\" lang=\"FR-BE\" xml:lang=\"FR-BE\" data-contrast=\"auto\"><span class=\"NormalTextRun SCXW198693989 BCX8\"><span class=\"TextRun SCXW47152021 BCX8\" lang=\"FR-FR\" xml:lang=\"FR-FR\" data-contrast=\"auto\"><span class=\"NormalTextRun SCXW47152021 BCX8\">Une nouvelle fonction, un nouveau m\u00e9tier. Vivre cette transition en partageant avec des coll\u00e8gues <\/span><span class=\"NormalTextRun SCXW47152021 BCX8\">et en d\u00e9couvrant des outils <\/span><span class=\"NormalTextRun SCXW47152021 BCX8\">qui<\/span><span class=\"NormalTextRun SCXW47152021 BCX8\"> favorise<\/span><span class=\"NormalTextRun SCXW47152021 BCX8\">nt<\/span> <span class=\"NormalTextRun SCXW47152021 BCX8\">votre<\/span><span class=\"NormalTextRun SCXW47152021 BCX8\"> d\u00e9veloppement et l\u2019entr\u00e9e dans ce nouveau m\u00e9tier.<\/span><\/span><span class=\"EOP SCXW47152021 BCX8\" data-ccp-props=\"{&quot;201341983&quot;:0,&quot;335559740&quot;:279}\">\u00a0<\/span><\/span><\/span><\/p><p><b><span style=\"color: var( --e-global-color-text ); font-family: var( --e-global-typography-text-font-family ), Sans-serif; text-align: var(--text-align);\"><span data-contrast=\"auto\">Public cible<\/span><\/span><span style=\"color: var( --e-global-color-text ); font-family: var( --e-global-typography-text-font-family ), Sans-serif; text-align: var(--text-align);\" data-ccp-props=\"{&quot;201341983&quot;:0,&quot;335559740&quot;:279}\">\u00a0<\/span><\/b><\/p><p><span class=\"TextRun SCXW33327476 BCX8\" lang=\"FR-BE\" xml:lang=\"FR-BE\" data-contrast=\"auto\"><span class=\"NormalTextRun SCXW33327476 BCX8\">Les directions de l&#8217;enseignement fondamental catholique, dans leur premi\u00e8re ann\u00e9e<\/span><\/span><\/p><p><b><span data-contrast=\"auto\">Objectifs<\/span><\/b><span data-ccp-props=\"{&quot;201341983&quot;:0,&quot;335559740&quot;:279}\">\u00a0<\/span><\/p><ul><li><span data-contrast=\"auto\">Favoriser votre insertion professionnelle via des partages<\/span><span data-ccp-props=\"{&quot;134233117&quot;:false,&quot;134233118&quot;:false,&quot;201341983&quot;:0,&quot;335559738&quot;:0,&quot;335559739&quot;:160,&quot;335559740&quot;:276}\">\u00a0<\/span><span data-contrast=\"auto\">de pratiques, l\u2019analyse de situations du quotidien ou d\u2019incidents critiques<\/span><span data-ccp-props=\"{&quot;134233117&quot;:false,&quot;134233118&quot;:false,&quot;201341983&quot;:0,&quot;335559738&quot;:0,&quot;335559739&quot;:160,&quot;335559740&quot;:276}\">\u00a0<\/span><span data-contrast=\"auto\">(Intervision)<\/span><\/li><li><span data-contrast=\"auto\">D\u00e9couvrir des outils de pilotage pour d\u00e9velopper<\/span> votre leadership<\/li><\/ul><p><b><span data-contrast=\"auto\"><br \/>Descriptif<\/span><\/b><span data-ccp-props=\"{&quot;201341983&quot;:0,&quot;335559740&quot;:279}\">\u00a0<\/span><\/p><p><span data-contrast=\"none\">Un m\u00e9lange entre d\u00e9couvertes d\u2019outils r\u00e9pondant \u00e0 vos besoins li\u00e9s \u00e0 votre entr\u00e9e en fonction, partages et\u202fanalyses\u202fde\u202fpratiques.<\/span><span data-contrast=\"none\">\u202f<\/span><span data-ccp-props=\"{&quot;201341983&quot;:2,&quot;335551550&quot;:6,&quot;335551620&quot;:6,&quot;335557856&quot;:16777215,&quot;335559739&quot;:360,&quot;335559740&quot;:360}\">\u00a0<\/span><\/p><p><span data-contrast=\"none\">Les collectifs NDE1 et NDE 2-3-4 auront leurs dates en commun.\u00a0 A certains moments, lors de ces collectifs, les 2 groupes se rencontreront pour \u00e9changer et grandir ensemble.<\/span><span data-ccp-props=\"{&quot;201341983&quot;:2,&quot;335551550&quot;:6,&quot;335551620&quot;:6,&quot;335557856&quot;:16777215,&quot;335559739&quot;:360,&quot;335559740&quot;:360}\">\u00a0<\/span><\/p><p><span data-contrast=\"none\">Vous d\u00e9butez (Ann\u00e9e 1) ? <br \/>Profitez des conseils de ceux qui ont d\u00e9j\u00e0 quelques ann\u00e9es d&#8217;exp\u00e9rience. Vous b\u00e9n\u00e9ficierez de retours concrets et de partages de bonnes pratiques pour faciliter votre prise de fonction.<\/span><span data-ccp-props=\"{&quot;201341983&quot;:2,&quot;335551550&quot;:6,&quot;335551620&quot;:6,&quot;335557856&quot;:16777215,&quot;335559739&quot;:360,&quot;335559740&quot;:360}\">\u00a0<\/span><\/p><p><span data-contrast=\"none\">Vous \u00eates plus exp\u00e9riment\u00e9s (Ann\u00e9es 2-3-4) ?<br \/>En partageant votre v\u00e9cu et en expliquant comment vous avez structur\u00e9 vos gestes professionnels, vous consoliderez vos propres acquis et contribuerez activement au d\u00e9veloppement de vos pairs. C&#8217;est aussi une excellente fa\u00e7on de renforcer votre leadership et d&#8217;affiner votre posture de &#8220;coach&#8221; au sein de votre \u00e9quipe.<\/span><span data-ccp-props=\"{&quot;201341983&quot;:2,&quot;335551550&quot;:6,&quot;335551620&quot;:6,&quot;335557856&quot;:16777215,&quot;335559739&quot;:360,&quot;335559740&quot;:360}\">\u00a0<\/span><\/p><p><span data-contrast=\"none\">Ensemble, nous avan\u00e7ons mieux !<\/span><span data-ccp-props=\"{&quot;201341983&quot;:2,&quot;335551550&quot;:6,&quot;335551620&quot;:6,&quot;335557856&quot;:16777215,&quot;335559739&quot;:360,&quot;335559740&quot;:360}\">\u00a0<\/span><\/p><p><b><span data-contrast=\"auto\">Information compl\u00e9mentaire<\/span><\/b><\/p><p><span data-contrast=\"auto\">Ces rencontres sont reconnues comme faisant partie du \u201cdispositif<\/span><span data-ccp-props=\"{&quot;134233117&quot;:false,&quot;134233118&quot;:false,&quot;201341983&quot;:0,&quot;335559738&quot;:0,&quot;335559739&quot;:160,&quot;335559740&quot;:276}\">\u00a0<\/span><span data-contrast=\"auto\">d\u2019int\u00e9gration\u201d (30 heures) dans le cadre de la formation initiale des directions<\/span><span data-ccp-props=\"{&quot;134233117&quot;:false,&quot;134233118&quot;:false,&quot;201341983&quot;:0,&quot;335559738&quot;:0,&quot;335559739&quot;:160,&quot;335559740&quot;:276}\">\u00a0<\/span><span data-contrast=\"auto\">(module \u00e9ducatif et p\u00e9dagogique du r\u00e9seau).<\/span><\/p>\t\t\t\t\t\t\t\t<\/div>\n\t\t\t\t<\/div>\n\t\t\t\t<\/div>\n\t\t<div class=\"elementor-element elementor-element-06146d6 e-con-full e-flex e-con e-child\" data-id=\"06146d6\" data-element_type=\"container\" data-e-type=\"container\">\n\t\t\t\t<div class=\"elementor-element elementor-element-90c5582 elementor-widget elementor-widget-heading\" data-id=\"90c5582\" data-element_type=\"widget\" data-e-type=\"widget\" data-widget_type=\"heading.default\">\n\t\t\t\t<div class=\"elementor-widget-container\">\n\t\t\t\t\t<h4 class=\"elementor-heading-title elementor-size-default\">Modalit\u00e9s<\/h4>\t\t\t\t<\/div>\n\t\t\t\t<\/div>\n\t\t\t\t<div class=\"elementor-element elementor-element-f121cec elementor-widget__width-initial elementor-widget elementor-widget-text-editor\" data-id=\"f121cec\" data-element_type=\"widget\" data-e-type=\"widget\" data-widget_type=\"text-editor.default\">\n\t\t\t\t<div class=\"elementor-widget-container\">\n\t\t\t\t\t\t\t\t\t<ul><li>1 apr\u00e8s-midi suite \u00e0 la matin\u00e9e d&#8217;accueil <br \/>des nouvelles directions<\/li><li>4 journ\u00e9es de 9h00 \u00e0 16h00<\/li><li style=\"text-align: left;\">En pr\u00e9sentiel \u00e0 la Maison Dioc\u00e9saine de Mons<\/li><li style=\"text-align: left;\">Repas compris dans l&#8217;offre<\/li><\/ul>\t\t\t\t\t\t\t\t<\/div>\n\t\t\t\t<\/div>\n\t\t\t\t<div class=\"elementor-element elementor-element-983e13f elementor-widget-divider--view-line elementor-widget elementor-widget-divider\" data-id=\"983e13f\" data-element_type=\"widget\" data-e-type=\"widget\" data-widget_type=\"divider.default\">\n\t\t\t\t<div class=\"elementor-widget-container\">\n\t\t\t\t\t\t\t<div class=\"elementor-divider\">\n\t\t\t<span class=\"elementor-divider-separator\">\n\t\t\t\t\t\t<\/span>\n\t\t<\/div>\n\t\t\t\t\t\t<\/div>\n\t\t\t\t<\/div>\n\t\t\t\t<div class=\"elementor-element elementor-element-a28e4b9 elementor-widget elementor-widget-heading\" data-id=\"a28e4b9\" data-element_type=\"widget\" data-e-type=\"widget\" data-widget_type=\"heading.default\">\n\t\t\t\t<div class=\"elementor-widget-container\">\n\t\t\t\t\t<h4 class=\"elementor-heading-title elementor-size-default\">Dates<\/h4>\t\t\t\t<\/div>\n\t\t\t\t<\/div>\n\t\t\t\t<div class=\"elementor-element elementor-element-c4b23e0 elementor-widget-divider--view-line elementor-widget elementor-widget-divider\" data-id=\"c4b23e0\" data-element_type=\"widget\" data-e-type=\"widget\" data-widget_type=\"divider.default\">\n\t\t\t\t<div class=\"elementor-widget-container\">\n\t\t\t\t\t\t\t<div class=\"elementor-divider\">\n\t\t\t<span class=\"elementor-divider-separator\">\n\t\t\t\t\t\t<\/span>\n\t\t<\/div>\n\t\t\t\t\t\t<\/div>\n\t\t\t\t<\/div>\n\t\t\t\t<div class=\"elementor-element elementor-element-66f99eb elementor-widget elementor-widget-text-editor\" data-id=\"66f99eb\" data-element_type=\"widget\" data-e-type=\"widget\" data-widget_type=\"text-editor.default\">\n\t\t\t\t<div class=\"elementor-widget-container\">\n\t\t\t\t\t\t\t\t\t<ul>\n<li>Jeudi 09\/10\/25 (apr\u00e8s-midi)<\/li>\n<li>&nbsp;Lundi 01\/12\/25<\/li>\n<li>&nbsp;Vendredi 23\/01\/26<\/li>\n<li>&nbsp;Mardi 17\/03\/26<\/li>\n<li>&nbsp;Mardi 12\/05\/26<\/li>\n<\/ul>\t\t\t\t\t\t\t\t<\/div>\n\t\t\t\t<\/div>\n\t\t\t\t<div class=\"elementor-element elementor-element-7d47cfb elementor-widget elementor-widget-heading\" data-id=\"7d47cfb\" data-element_type=\"widget\" data-e-type=\"widget\" data-widget_type=\"heading.default\">\n\t\t\t\t<div class=\"elementor-widget-container\">\n\t\t\t\t\t<h4 class=\"elementor-heading-title elementor-size-default\">CSA<\/h4>\t\t\t\t<\/div>\n\t\t\t\t<\/div>\n\t\t\t\t<div class=\"elementor-element elementor-element-225d753 elementor-widget elementor-widget-text-editor\" data-id=\"225d753\" data-element_type=\"widget\" data-e-type=\"widget\" data-widget_type=\"text-editor.default\">\n\t\t\t\t<div class=\"elementor-widget-container\">\n\t\t\t\t\t\t\t\t\t<ul><li><span data-contrast=\"auto\">Laurent Ulens\u00a0 \u00a0<\/span><\/li><\/ul>\t\t\t\t\t\t\t\t<\/div>\n\t\t\t\t<\/div>\n\t\t\t\t<div class=\"elementor-element elementor-element-27efdef elementor-widget-divider--view-line elementor-widget elementor-widget-divider\" data-id=\"27efdef\" data-element_type=\"widget\" data-e-type=\"widget\" data-widget_type=\"divider.default\">\n\t\t\t\t<div class=\"elementor-widget-container\">\n\t\t\t\t\t\t\t<div class=\"elementor-divider\">\n\t\t\t<span class=\"elementor-divider-separator\">\n\t\t\t\t\t\t<\/span>\n\t\t<\/div>\n\t\t\t\t\t\t<\/div>\n\t\t\t\t<\/div>\n\t\t\t\t<div class=\"elementor-element elementor-element-6b30c4d elementor-widget elementor-widget-heading\" data-id=\"6b30c4d\" data-element_type=\"widget\" data-e-type=\"widget\" data-widget_type=\"heading.default\">\n\t\t\t\t<div class=\"elementor-widget-container\">\n\t\t\t\t\t<h4 class=\"elementor-heading-title elementor-size-default\">Formulaire d'inscription<\/h4>\t\t\t\t<\/div>\n\t\t\t\t<\/div>\n\t\t\t\t<div class=\"elementor-element elementor-element-016c549 elementor-widget elementor-widget-text-editor\" data-id=\"016c549\" data-element_type=\"widget\" data-e-type=\"widget\" data-widget_type=\"text-editor.default\">\n\t\t\t\t<div class=\"elementor-widget-container\">\n\t\t\t\t\t\t\t\t\t<p><iframe style=\"border: none; max-width: 100%; max-height: 100vh;\" src=\"https:\/\/forms.office.com\/Pages\/ResponsePage.aspx?id=aKMx8CQ0iUWkqbSyzIWbv__uU9Yr7LJLrhhCV7RLABFUQzYyQ1c5RU9NVkNDNUNYVkpUV0dVNk8zUi4u&amp;embed=true\" width=\"640px\" height=\"480px\" frameborder=\"0\" marginwidth=\"0\" marginheight=\"0\" allowfullscreen=\"allowfullscreen\"> <\/iframe><\/p>\t\t\t\t\t\t\t\t<\/div>\n\t\t\t\t<\/div>\n\t\t\t\t<\/div>\n\t\t\t\t<\/div>\n\t\t\t\t<\/div>\n\t\t","protected":false},"excerpt":{"rendered":"<p>Collectif ann\u00e9e 1 Une nouvelle fonction, un nouveau m\u00e9tier. Vivre cette transition en partageant avec des coll\u00e8gues et en d\u00e9couvrant des outils qui favorisent votre d\u00e9veloppement et l\u2019entr\u00e9e dans ce nouveau m\u00e9tier.\u00a0 Public cible\u00a0 Les directions de l&#8217;enseignement fondamental catholique, dans leur premi\u00e8re ann\u00e9e Objectifs\u00a0 Favoriser votre insertion professionnelle via des partages\u00a0de pratiques, l\u2019analyse de &hellip; <\/p>\n<p><a class=\"more-link btn\" href=\"https:\/\/csahainaut.be\/?page_id=332\">Continue reading<\/a><\/p>\n","protected":false},"author":1,"featured_media":0,"parent":0,"menu_order":0,"comment_status":"closed","ping_status":"closed","template":"","meta":{"footnotes":""},"class_list":["post-332","page","type-page","status-publish","hentry","nodate","item-wrap"],"yoast_head":"<!-- This site is optimized with the Yoast SEO plugin v27.3 - https:\/\/yoast.com\/product\/yoast-seo-wordpress\/ -->\n<title>Collectif nouvelles directions ann\u00e9e 1 - CSA HAINAUT fondamental<\/title>\n<meta name=\"robots\" content=\"index, follow, max-snippet:-1, max-image-preview:large, max-video-preview:-1\" \/>\n<link rel=\"canonical\" href=\"http:\/\/csahainaut.be\/?page_id=332\" \/>\n<meta property=\"og:locale\" content=\"en_US\" \/>\n<meta property=\"og:type\" content=\"article\" \/>\n<meta property=\"og:title\" content=\"Collectif nouvelles directions ann\u00e9e 1 - CSA HAINAUT fondamental\" \/>\n<meta property=\"og:description\" content=\"Collectif ann\u00e9e 1 Une nouvelle fonction, un nouveau m\u00e9tier. Vivre cette transition en partageant avec des coll\u00e8gues et en d\u00e9couvrant des outils qui favorisent votre d\u00e9veloppement et l\u2019entr\u00e9e dans ce nouveau m\u00e9tier.\u00a0 Public cible\u00a0 Les directions de l&#8217;enseignement fondamental catholique, dans leur premi\u00e8re ann\u00e9e Objectifs\u00a0 Favoriser votre insertion professionnelle via des partages\u00a0de pratiques, l\u2019analyse de &hellip; Continue reading\" \/>\n<meta property=\"og:url\" content=\"http:\/\/csahainaut.be\/?page_id=332\" \/>\n<meta property=\"og:site_name\" content=\"CSA HAINAUT fondamental\" \/>\n<meta property=\"article:modified_time\" content=\"2025-07-02T11:32:27+00:00\" \/>\n<meta name=\"twitter:card\" content=\"summary_large_image\" \/>\n<meta name=\"twitter:label1\" content=\"Est. reading time\" \/>\n\t<meta name=\"twitter:data1\" content=\"2 minutes\" \/>\n<script type=\"application\/ld+json\" class=\"yoast-schema-graph\">{\"@context\":\"https:\\\/\\\/schema.org\",\"@graph\":[{\"@type\":\"WebPage\",\"@id\":\"http:\\\/\\\/csahainaut.be\\\/?page_id=332\",\"url\":\"http:\\\/\\\/csahainaut.be\\\/?page_id=332\",\"name\":\"Collectif nouvelles directions ann\u00e9e 1 - CSA HAINAUT fondamental\",\"isPartOf\":{\"@id\":\"http:\\\/\\\/csahainaut.be\\\/#website\"},\"datePublished\":\"2024-06-17T07:44:01+00:00\",\"dateModified\":\"2025-07-02T11:32:27+00:00\",\"breadcrumb\":{\"@id\":\"http:\\\/\\\/csahainaut.be\\\/?page_id=332#breadcrumb\"},\"inLanguage\":\"en-US\",\"potentialAction\":[{\"@type\":\"ReadAction\",\"target\":[\"http:\\\/\\\/csahainaut.be\\\/?page_id=332\"]}]},{\"@type\":\"BreadcrumbList\",\"@id\":\"http:\\\/\\\/csahainaut.be\\\/?page_id=332#breadcrumb\",\"itemListElement\":[{\"@type\":\"ListItem\",\"position\":1,\"name\":\"Accueil\",\"item\":\"http:\\\/\\\/csahainaut.be\\\/\"},{\"@type\":\"ListItem\",\"position\":2,\"name\":\"Collectif nouvelles directions ann\u00e9e 1\"}]},{\"@type\":\"WebSite\",\"@id\":\"http:\\\/\\\/csahainaut.be\\\/#website\",\"url\":\"http:\\\/\\\/csahainaut.be\\\/\",\"name\":\"CSA HAINAUT fondamental\",\"description\":\"Site des conseillers au soutien et \u00e0 l&#039;accompagnement \",\"publisher\":{\"@id\":\"http:\\\/\\\/csahainaut.be\\\/#organization\"},\"potentialAction\":[{\"@type\":\"SearchAction\",\"target\":{\"@type\":\"EntryPoint\",\"urlTemplate\":\"http:\\\/\\\/csahainaut.be\\\/?s={search_term_string}\"},\"query-input\":{\"@type\":\"PropertyValueSpecification\",\"valueRequired\":true,\"valueName\":\"search_term_string\"}}],\"inLanguage\":\"en-US\"},{\"@type\":\"Organization\",\"@id\":\"http:\\\/\\\/csahainaut.be\\\/#organization\",\"name\":\"CSA HAINAUT fondamental\",\"url\":\"http:\\\/\\\/csahainaut.be\\\/\",\"logo\":{\"@type\":\"ImageObject\",\"inLanguage\":\"en-US\",\"@id\":\"http:\\\/\\\/csahainaut.be\\\/#\\\/schema\\\/logo\\\/image\\\/\",\"url\":\"https:\\\/\\\/csahainaut.be\\\/wp-content\\\/uploads\\\/2024\\\/06\\\/cropped-logo-segec.webp\",\"contentUrl\":\"https:\\\/\\\/csahainaut.be\\\/wp-content\\\/uploads\\\/2024\\\/06\\\/cropped-logo-segec.webp\",\"width\":367,\"height\":217,\"caption\":\"CSA HAINAUT fondamental\"},\"image\":{\"@id\":\"http:\\\/\\\/csahainaut.be\\\/#\\\/schema\\\/logo\\\/image\\\/\"}}]}<\/script>\n<!-- \/ Yoast SEO plugin. -->","yoast_head_json":{"title":"Collectif nouvelles directions ann\u00e9e 1 - CSA HAINAUT fondamental","robots":{"index":"index","follow":"follow","max-snippet":"max-snippet:-1","max-image-preview":"max-image-preview:large","max-video-preview":"max-video-preview:-1"},"canonical":"http:\/\/csahainaut.be\/?page_id=332","og_locale":"en_US","og_type":"article","og_title":"Collectif nouvelles directions ann\u00e9e 1 - CSA HAINAUT fondamental","og_description":"Collectif ann\u00e9e 1 Une nouvelle fonction, un nouveau m\u00e9tier. Vivre cette transition en partageant avec des coll\u00e8gues et en d\u00e9couvrant des outils qui favorisent votre d\u00e9veloppement et l\u2019entr\u00e9e dans ce nouveau m\u00e9tier.\u00a0 Public cible\u00a0 Les directions de l&#8217;enseignement fondamental catholique, dans leur premi\u00e8re ann\u00e9e Objectifs\u00a0 Favoriser votre insertion professionnelle via des partages\u00a0de pratiques, l\u2019analyse de &hellip; Continue reading","og_url":"http:\/\/csahainaut.be\/?page_id=332","og_site_name":"CSA HAINAUT fondamental","article_modified_time":"2025-07-02T11:32:27+00:00","twitter_card":"summary_large_image","twitter_misc":{"Est. reading time":"2 minutes"},"schema":{"@context":"https:\/\/schema.org","@graph":[{"@type":"WebPage","@id":"http:\/\/csahainaut.be\/?page_id=332","url":"http:\/\/csahainaut.be\/?page_id=332","name":"Collectif nouvelles directions ann\u00e9e 1 - CSA HAINAUT fondamental","isPartOf":{"@id":"http:\/\/csahainaut.be\/#website"},"datePublished":"2024-06-17T07:44:01+00:00","dateModified":"2025-07-02T11:32:27+00:00","breadcrumb":{"@id":"http:\/\/csahainaut.be\/?page_id=332#breadcrumb"},"inLanguage":"en-US","potentialAction":[{"@type":"ReadAction","target":["http:\/\/csahainaut.be\/?page_id=332"]}]},{"@type":"BreadcrumbList","@id":"http:\/\/csahainaut.be\/?page_id=332#breadcrumb","itemListElement":[{"@type":"ListItem","position":1,"name":"Accueil","item":"http:\/\/csahainaut.be\/"},{"@type":"ListItem","position":2,"name":"Collectif nouvelles directions ann\u00e9e 1"}]},{"@type":"WebSite","@id":"http:\/\/csahainaut.be\/#website","url":"http:\/\/csahainaut.be\/","name":"CSA HAINAUT fondamental","description":"Site des conseillers au soutien et \u00e0 l&#039;accompagnement ","publisher":{"@id":"http:\/\/csahainaut.be\/#organization"},"potentialAction":[{"@type":"SearchAction","target":{"@type":"EntryPoint","urlTemplate":"http:\/\/csahainaut.be\/?s={search_term_string}"},"query-input":{"@type":"PropertyValueSpecification","valueRequired":true,"valueName":"search_term_string"}}],"inLanguage":"en-US"},{"@type":"Organization","@id":"http:\/\/csahainaut.be\/#organization","name":"CSA HAINAUT fondamental","url":"http:\/\/csahainaut.be\/","logo":{"@type":"ImageObject","inLanguage":"en-US","@id":"http:\/\/csahainaut.be\/#\/schema\/logo\/image\/","url":"https:\/\/csahainaut.be\/wp-content\/uploads\/2024\/06\/cropped-logo-segec.webp","contentUrl":"https:\/\/csahainaut.be\/wp-content\/uploads\/2024\/06\/cropped-logo-segec.webp","width":367,"height":217,"caption":"CSA HAINAUT fondamental"},"image":{"@id":"http:\/\/csahainaut.be\/#\/schema\/logo\/image\/"}}]}},"jetpack_sharing_enabled":true,"_links":{"self":[{"href":"https:\/\/csahainaut.be\/index.php?rest_route=\/wp\/v2\/pages\/332","targetHints":{"allow":["GET"]}}],"collection":[{"href":"https:\/\/csahainaut.be\/index.php?rest_route=\/wp\/v2\/pages"}],"about":[{"href":"https:\/\/csahainaut.be\/index.php?rest_route=\/wp\/v2\/types\/page"}],"author":[{"embeddable":true,"href":"https:\/\/csahainaut.be\/index.php?rest_route=\/wp\/v2\/users\/1"}],"replies":[{"embeddable":true,"href":"https:\/\/csahainaut.be\/index.php?rest_route=%2Fwp%2Fv2%2Fcomments&post=332"}],"version-history":[{"count":51,"href":"https:\/\/csahainaut.be\/index.php?rest_route=\/wp\/v2\/pages\/332\/revisions"}],"predecessor-version":[{"id":1585,"href":"https:\/\/csahainaut.be\/index.php?rest_route=\/wp\/v2\/pages\/332\/revisions\/1585"}],"wp:attachment":[{"href":"https:\/\/csahainaut.be\/index.php?rest_route=%2Fwp%2Fv2%2Fmedia&parent=332"}],"curies":[{"name":"wp","href":"https:\/\/api.w.org\/{rel}","templated":true}]}}