{"id":118,"date":"2024-06-07T11:36:40","date_gmt":"2024-06-07T09:36:40","guid":{"rendered":"http:\/\/csahainaut.be\/?page_id=118"},"modified":"2025-10-08T14:48:02","modified_gmt":"2025-10-08T12:48:02","slug":"contacts","status":"publish","type":"page","link":"https:\/\/csahainaut.be\/?page_id=118","title":{"rendered":"Contacts"},"content":{"rendered":"\t\t<div data-elementor-type=\"wp-page\" data-elementor-id=\"118\" class=\"elementor elementor-118\">\n\t\t\t\t<div class=\"elementor-element elementor-element-dd221a7 e-con-full e-flex e-con e-parent\" data-id=\"dd221a7\" data-element_type=\"container\" data-e-type=\"container\">\n\t\t\t\t<div class=\"elementor-element elementor-element-0dfcea9 elementor-widget elementor-widget-heading\" data-id=\"0dfcea9\" data-element_type=\"widget\" data-e-type=\"widget\" data-widget_type=\"heading.default\">\n\t\t\t\t<div class=\"elementor-widget-container\">\n\t\t\t\t\t<h2 class=\"elementor-heading-title elementor-size-default\">Notre \u00e9quipe<\/h2>\t\t\t\t<\/div>\n\t\t\t\t<\/div>\n\t\t\t\t<div class=\"elementor-element elementor-element-8c5317f elementor-widget-divider--view-line elementor-widget elementor-widget-divider\" data-id=\"8c5317f\" data-element_type=\"widget\" data-e-type=\"widget\" data-widget_type=\"divider.default\">\n\t\t\t\t<div class=\"elementor-widget-container\">\n\t\t\t\t\t\t\t<div class=\"elementor-divider\">\n\t\t\t<span class=\"elementor-divider-separator\">\n\t\t\t\t\t\t<\/span>\n\t\t<\/div>\n\t\t\t\t\t\t<\/div>\n\t\t\t\t<\/div>\n\t\t\t\t<\/div>\n\t\t<div class=\"elementor-element elementor-element-0f19c96 e-con-full e-flex e-con e-parent\" data-id=\"0f19c96\" data-element_type=\"container\" data-e-type=\"container\">\n\t\t\t\t<div class=\"elementor-element elementor-element-47785ba elementor-widget__width-inherit elementor-widget elementor-widget-image\" data-id=\"47785ba\" data-element_type=\"widget\" data-e-type=\"widget\" data-widget_type=\"image.default\">\n\t\t\t\t<div class=\"elementor-widget-container\">\n\t\t\t\t\t\t\t\t\t\t\t\t\t\t\t<img fetchpriority=\"high\" decoding=\"async\" width=\"1920\" height=\"1080\" src=\"https:\/\/csahainaut.be\/wp-content\/uploads\/2025\/09\/Contacts-pour-site-CSA-Presentation-2.png\" class=\"attachment-2048x2048 size-2048x2048 wp-image-1716\" alt=\"\" srcset=\"https:\/\/csahainaut.be\/wp-content\/uploads\/2025\/09\/Contacts-pour-site-CSA-Presentation-2.png 1920w, https:\/\/csahainaut.be\/wp-content\/uploads\/2025\/09\/Contacts-pour-site-CSA-Presentation-2-300x169.png 300w, https:\/\/csahainaut.be\/wp-content\/uploads\/2025\/09\/Contacts-pour-site-CSA-Presentation-2-1024x576.png 1024w, https:\/\/csahainaut.be\/wp-content\/uploads\/2025\/09\/Contacts-pour-site-CSA-Presentation-2-768x432.png 768w, https:\/\/csahainaut.be\/wp-content\/uploads\/2025\/09\/Contacts-pour-site-CSA-Presentation-2-1536x864.png 1536w, https:\/\/csahainaut.be\/wp-content\/uploads\/2025\/09\/Contacts-pour-site-CSA-Presentation-2-1770x996.png 1770w\" sizes=\"(max-width: 1920px) 100vw, 1920px\" \/>\t\t\t\t\t\t\t\t\t\t\t\t\t\t\t<\/div>\n\t\t\t\t<\/div>\n\t\t\t\t<\/div>\n\t\t<div class=\"elementor-element elementor-element-d80db5c e-con-full e-flex e-con e-parent\" data-id=\"d80db5c\" data-element_type=\"container\" data-e-type=\"container\">\n\t\t\t\t<div class=\"elementor-element elementor-element-4d58281 elementor-widget__width-inherit elementor-widget elementor-widget-image\" data-id=\"4d58281\" data-element_type=\"widget\" data-e-type=\"widget\" data-widget_type=\"image.default\">\n\t\t\t\t<div class=\"elementor-widget-container\">\n\t\t\t\t\t\t\t\t\t\t\t\t\t\t\t<img decoding=\"async\" width=\"1920\" height=\"1080\" src=\"https:\/\/csahainaut.be\/wp-content\/uploads\/2025\/09\/Contacts-pour-site-CSA-Presentation-3.png\" class=\"attachment-2048x2048 size-2048x2048 wp-image-1720\" alt=\"\" srcset=\"https:\/\/csahainaut.be\/wp-content\/uploads\/2025\/09\/Contacts-pour-site-CSA-Presentation-3.png 1920w, https:\/\/csahainaut.be\/wp-content\/uploads\/2025\/09\/Contacts-pour-site-CSA-Presentation-3-300x169.png 300w, https:\/\/csahainaut.be\/wp-content\/uploads\/2025\/09\/Contacts-pour-site-CSA-Presentation-3-1024x576.png 1024w, https:\/\/csahainaut.be\/wp-content\/uploads\/2025\/09\/Contacts-pour-site-CSA-Presentation-3-768x432.png 768w, https:\/\/csahainaut.be\/wp-content\/uploads\/2025\/09\/Contacts-pour-site-CSA-Presentation-3-1536x864.png 1536w, https:\/\/csahainaut.be\/wp-content\/uploads\/2025\/09\/Contacts-pour-site-CSA-Presentation-3-1770x996.png 1770w\" sizes=\"(max-width: 1920px) 100vw, 1920px\" \/>\t\t\t\t\t\t\t\t\t\t\t\t\t\t\t<\/div>\n\t\t\t\t<\/div>\n\t\t\t\t<\/div>\n\t\t<div class=\"elementor-element elementor-element-a9c083e e-con-full e-flex e-con e-parent\" data-id=\"a9c083e\" data-element_type=\"container\" data-e-type=\"container\">\n\t\t\t\t<div class=\"elementor-element elementor-element-a871d2e elementor-widget elementor-widget-heading\" data-id=\"a871d2e\" data-element_type=\"widget\" data-e-type=\"widget\" data-widget_type=\"heading.default\">\n\t\t\t\t<div class=\"elementor-widget-container\">\n\t\t\t\t\t<h2 class=\"elementor-heading-title elementor-size-default\">Vos r\u00e9f\u00e9rents<\/h2>\t\t\t\t<\/div>\n\t\t\t\t<\/div>\n\t\t\t\t<div class=\"elementor-element elementor-element-484304e elementor-widget-divider--view-line elementor-widget elementor-widget-divider\" data-id=\"484304e\" data-element_type=\"widget\" data-e-type=\"widget\" data-widget_type=\"divider.default\">\n\t\t\t\t<div class=\"elementor-widget-container\">\n\t\t\t\t\t\t\t<div class=\"elementor-divider\">\n\t\t\t<span class=\"elementor-divider-separator\">\n\t\t\t\t\t\t<\/span>\n\t\t<\/div>\n\t\t\t\t\t\t<\/div>\n\t\t\t\t<\/div>\n\t\t\t\t<\/div>\n\t\t<div class=\"elementor-element elementor-element-baee633 e-con-full e-flex e-con e-parent\" data-id=\"baee633\" data-element_type=\"container\" data-e-type=\"container\">\n\t\t\t\t<div class=\"elementor-element elementor-element-9b18cfd elementor-widget__width-inherit elementor-widget elementor-widget-image\" data-id=\"9b18cfd\" data-element_type=\"widget\" data-e-type=\"widget\" data-widget_type=\"image.default\">\n\t\t\t\t<div class=\"elementor-widget-container\">\n\t\t\t\t\t\t\t\t\t\t\t\t\t\t\t<img decoding=\"async\" width=\"1920\" height=\"1080\" src=\"https:\/\/csahainaut.be\/wp-content\/uploads\/2024\/07\/Contacts-pour-site-CSA-Presentation-19.png\" class=\"attachment-2048x2048 size-2048x2048 wp-image-1068\" alt=\"\" srcset=\"https:\/\/csahainaut.be\/wp-content\/uploads\/2024\/07\/Contacts-pour-site-CSA-Presentation-19.png 1920w, https:\/\/csahainaut.be\/wp-content\/uploads\/2024\/07\/Contacts-pour-site-CSA-Presentation-19-300x169.png 300w, https:\/\/csahainaut.be\/wp-content\/uploads\/2024\/07\/Contacts-pour-site-CSA-Presentation-19-1024x576.png 1024w, https:\/\/csahainaut.be\/wp-content\/uploads\/2024\/07\/Contacts-pour-site-CSA-Presentation-19-768x432.png 768w, https:\/\/csahainaut.be\/wp-content\/uploads\/2024\/07\/Contacts-pour-site-CSA-Presentation-19-1536x864.png 1536w, https:\/\/csahainaut.be\/wp-content\/uploads\/2024\/07\/Contacts-pour-site-CSA-Presentation-19-1770x996.png 1770w\" sizes=\"(max-width: 1920px) 100vw, 1920px\" \/>\t\t\t\t\t\t\t\t\t\t\t\t\t\t\t<\/div>\n\t\t\t\t<\/div>\n\t\t\t\t<\/div>\n\t\t\t\t<\/div>\n\t\t","protected":false},"excerpt":{"rendered":"<p>Notre \u00e9quipe Vos r\u00e9f\u00e9rents<\/p>\n","protected":false},"author":1,"featured_media":0,"parent":0,"menu_order":0,"comment_status":"closed","ping_status":"closed","template":"","meta":{"footnotes":""},"class_list":["post-118","page","type-page","status-publish","hentry","nodate","item-wrap"],"yoast_head":"<!-- This site is optimized with the Yoast SEO plugin v27.4 - https:\/\/yoast.com\/product\/yoast-seo-wordpress\/ -->\n<title>Contacts - CSA HAINAUT fondamental<\/title>\n<meta name=\"robots\" content=\"index, follow, max-snippet:-1, max-image-preview:large, max-video-preview:-1\" \/>\n<link rel=\"canonical\" href=\"https:\/\/csahainaut.be\/?page_id=118\" \/>\n<meta property=\"og:locale\" content=\"en_US\" \/>\n<meta property=\"og:type\" content=\"article\" \/>\n<meta property=\"og:title\" content=\"Contacts - CSA HAINAUT fondamental\" \/>\n<meta property=\"og:description\" content=\"Notre \u00e9quipe Vos r\u00e9f\u00e9rents\" \/>\n<meta property=\"og:url\" content=\"https:\/\/csahainaut.be\/?page_id=118\" \/>\n<meta property=\"og:site_name\" content=\"CSA HAINAUT fondamental\" \/>\n<meta property=\"article:modified_time\" content=\"2025-10-08T12:48:02+00:00\" \/>\n<meta property=\"og:image\" content=\"http:\/\/csahainaut.be\/wp-content\/uploads\/2025\/09\/Contacts-pour-site-CSA-Presentation-2.png\" \/>\n<meta name=\"twitter:card\" content=\"summary_large_image\" \/>\n<meta name=\"twitter:label1\" content=\"Est. reading time\" \/>\n\t<meta name=\"twitter:data1\" content=\"1 minute\" \/>\n<script type=\"application\/ld+json\" class=\"yoast-schema-graph\">{\"@context\":\"https:\\\/\\\/schema.org\",\"@graph\":[{\"@type\":\"WebPage\",\"@id\":\"https:\\\/\\\/csahainaut.be\\\/?page_id=118\",\"url\":\"https:\\\/\\\/csahainaut.be\\\/?page_id=118\",\"name\":\"Contacts - CSA HAINAUT fondamental\",\"isPartOf\":{\"@id\":\"http:\\\/\\\/csahainaut.be\\\/#website\"},\"primaryImageOfPage\":{\"@id\":\"https:\\\/\\\/csahainaut.be\\\/?page_id=118#primaryimage\"},\"image\":{\"@id\":\"https:\\\/\\\/csahainaut.be\\\/?page_id=118#primaryimage\"},\"thumbnailUrl\":\"http:\\\/\\\/csahainaut.be\\\/wp-content\\\/uploads\\\/2025\\\/09\\\/Contacts-pour-site-CSA-Presentation-2.png\",\"datePublished\":\"2024-06-07T09:36:40+00:00\",\"dateModified\":\"2025-10-08T12:48:02+00:00\",\"breadcrumb\":{\"@id\":\"https:\\\/\\\/csahainaut.be\\\/?page_id=118#breadcrumb\"},\"inLanguage\":\"en-US\",\"potentialAction\":[{\"@type\":\"ReadAction\",\"target\":[\"https:\\\/\\\/csahainaut.be\\\/?page_id=118\"]}]},{\"@type\":\"ImageObject\",\"inLanguage\":\"en-US\",\"@id\":\"https:\\\/\\\/csahainaut.be\\\/?page_id=118#primaryimage\",\"url\":\"http:\\\/\\\/csahainaut.be\\\/wp-content\\\/uploads\\\/2025\\\/09\\\/Contacts-pour-site-CSA-Presentation-2.png\",\"contentUrl\":\"http:\\\/\\\/csahainaut.be\\\/wp-content\\\/uploads\\\/2025\\\/09\\\/Contacts-pour-site-CSA-Presentation-2.png\"},{\"@type\":\"BreadcrumbList\",\"@id\":\"https:\\\/\\\/csahainaut.be\\\/?page_id=118#breadcrumb\",\"itemListElement\":[{\"@type\":\"ListItem\",\"position\":1,\"name\":\"Accueil\",\"item\":\"http:\\\/\\\/csahainaut.be\\\/\"},{\"@type\":\"ListItem\",\"position\":2,\"name\":\"Contacts\"}]},{\"@type\":\"WebSite\",\"@id\":\"http:\\\/\\\/csahainaut.be\\\/#website\",\"url\":\"http:\\\/\\\/csahainaut.be\\\/\",\"name\":\"CSA HAINAUT fondamental\",\"description\":\"Site des conseillers au soutien et \u00e0 l&#039;accompagnement \",\"publisher\":{\"@id\":\"http:\\\/\\\/csahainaut.be\\\/#organization\"},\"potentialAction\":[{\"@type\":\"SearchAction\",\"target\":{\"@type\":\"EntryPoint\",\"urlTemplate\":\"http:\\\/\\\/csahainaut.be\\\/?s={search_term_string}\"},\"query-input\":{\"@type\":\"PropertyValueSpecification\",\"valueRequired\":true,\"valueName\":\"search_term_string\"}}],\"inLanguage\":\"en-US\"},{\"@type\":\"Organization\",\"@id\":\"http:\\\/\\\/csahainaut.be\\\/#organization\",\"name\":\"CSA HAINAUT fondamental\",\"url\":\"http:\\\/\\\/csahainaut.be\\\/\",\"logo\":{\"@type\":\"ImageObject\",\"inLanguage\":\"en-US\",\"@id\":\"http:\\\/\\\/csahainaut.be\\\/#\\\/schema\\\/logo\\\/image\\\/\",\"url\":\"https:\\\/\\\/csahainaut.be\\\/wp-content\\\/uploads\\\/2024\\\/06\\\/cropped-logo-segec.webp\",\"contentUrl\":\"https:\\\/\\\/csahainaut.be\\\/wp-content\\\/uploads\\\/2024\\\/06\\\/cropped-logo-segec.webp\",\"width\":367,\"height\":217,\"caption\":\"CSA HAINAUT fondamental\"},\"image\":{\"@id\":\"http:\\\/\\\/csahainaut.be\\\/#\\\/schema\\\/logo\\\/image\\\/\"}}]}<\/script>\n<!-- \/ Yoast SEO plugin. -->","yoast_head_json":{"title":"Contacts - CSA HAINAUT fondamental","robots":{"index":"index","follow":"follow","max-snippet":"max-snippet:-1","max-image-preview":"max-image-preview:large","max-video-preview":"max-video-preview:-1"},"canonical":"https:\/\/csahainaut.be\/?page_id=118","og_locale":"en_US","og_type":"article","og_title":"Contacts - CSA HAINAUT fondamental","og_description":"Notre \u00e9quipe Vos r\u00e9f\u00e9rents","og_url":"https:\/\/csahainaut.be\/?page_id=118","og_site_name":"CSA HAINAUT fondamental","article_modified_time":"2025-10-08T12:48:02+00:00","og_image":[{"url":"http:\/\/csahainaut.be\/wp-content\/uploads\/2025\/09\/Contacts-pour-site-CSA-Presentation-2.png","type":"","width":"","height":""}],"twitter_card":"summary_large_image","twitter_misc":{"Est. reading time":"1 minute"},"schema":{"@context":"https:\/\/schema.org","@graph":[{"@type":"WebPage","@id":"https:\/\/csahainaut.be\/?page_id=118","url":"https:\/\/csahainaut.be\/?page_id=118","name":"Contacts - CSA HAINAUT fondamental","isPartOf":{"@id":"http:\/\/csahainaut.be\/#website"},"primaryImageOfPage":{"@id":"https:\/\/csahainaut.be\/?page_id=118#primaryimage"},"image":{"@id":"https:\/\/csahainaut.be\/?page_id=118#primaryimage"},"thumbnailUrl":"http:\/\/csahainaut.be\/wp-content\/uploads\/2025\/09\/Contacts-pour-site-CSA-Presentation-2.png","datePublished":"2024-06-07T09:36:40+00:00","dateModified":"2025-10-08T12:48:02+00:00","breadcrumb":{"@id":"https:\/\/csahainaut.be\/?page_id=118#breadcrumb"},"inLanguage":"en-US","potentialAction":[{"@type":"ReadAction","target":["https:\/\/csahainaut.be\/?page_id=118"]}]},{"@type":"ImageObject","inLanguage":"en-US","@id":"https:\/\/csahainaut.be\/?page_id=118#primaryimage","url":"http:\/\/csahainaut.be\/wp-content\/uploads\/2025\/09\/Contacts-pour-site-CSA-Presentation-2.png","contentUrl":"http:\/\/csahainaut.be\/wp-content\/uploads\/2025\/09\/Contacts-pour-site-CSA-Presentation-2.png"},{"@type":"BreadcrumbList","@id":"https:\/\/csahainaut.be\/?page_id=118#breadcrumb","itemListElement":[{"@type":"ListItem","position":1,"name":"Accueil","item":"http:\/\/csahainaut.be\/"},{"@type":"ListItem","position":2,"name":"Contacts"}]},{"@type":"WebSite","@id":"http:\/\/csahainaut.be\/#website","url":"http:\/\/csahainaut.be\/","name":"CSA HAINAUT fondamental","description":"Site des conseillers au soutien et \u00e0 l&#039;accompagnement ","publisher":{"@id":"http:\/\/csahainaut.be\/#organization"},"potentialAction":[{"@type":"SearchAction","target":{"@type":"EntryPoint","urlTemplate":"http:\/\/csahainaut.be\/?s={search_term_string}"},"query-input":{"@type":"PropertyValueSpecification","valueRequired":true,"valueName":"search_term_string"}}],"inLanguage":"en-US"},{"@type":"Organization","@id":"http:\/\/csahainaut.be\/#organization","name":"CSA HAINAUT fondamental","url":"http:\/\/csahainaut.be\/","logo":{"@type":"ImageObject","inLanguage":"en-US","@id":"http:\/\/csahainaut.be\/#\/schema\/logo\/image\/","url":"https:\/\/csahainaut.be\/wp-content\/uploads\/2024\/06\/cropped-logo-segec.webp","contentUrl":"https:\/\/csahainaut.be\/wp-content\/uploads\/2024\/06\/cropped-logo-segec.webp","width":367,"height":217,"caption":"CSA HAINAUT fondamental"},"image":{"@id":"http:\/\/csahainaut.be\/#\/schema\/logo\/image\/"}}]}},"jetpack_sharing_enabled":true,"_links":{"self":[{"href":"https:\/\/csahainaut.be\/index.php?rest_route=\/wp\/v2\/pages\/118","targetHints":{"allow":["GET"]}}],"collection":[{"href":"https:\/\/csahainaut.be\/index.php?rest_route=\/wp\/v2\/pages"}],"about":[{"href":"https:\/\/csahainaut.be\/index.php?rest_route=\/wp\/v2\/types\/page"}],"author":[{"embeddable":true,"href":"https:\/\/csahainaut.be\/index.php?rest_route=\/wp\/v2\/users\/1"}],"replies":[{"embeddable":true,"href":"https:\/\/csahainaut.be\/index.php?rest_route=%2Fwp%2Fv2%2Fcomments&post=118"}],"version-history":[{"count":122,"href":"https:\/\/csahainaut.be\/index.php?rest_route=\/wp\/v2\/pages\/118\/revisions"}],"predecessor-version":[{"id":1731,"href":"https:\/\/csahainaut.be\/index.php?rest_route=\/wp\/v2\/pages\/118\/revisions\/1731"}],"wp:attachment":[{"href":"https:\/\/csahainaut.be\/index.php?rest_route=%2Fwp%2Fv2%2Fmedia&parent=118"}],"curies":[{"name":"wp","href":"https:\/\/api.w.org\/{rel}","templated":true}]}}