{"id":909,"date":"2024-06-30T09:33:40","date_gmt":"2024-06-30T07:33:40","guid":{"rendered":"https:\/\/csahainaut.be\/?page_id=909"},"modified":"2025-08-29T15:25:19","modified_gmt":"2025-08-29T13:25:19","slug":"apprentissage-au-numerique","status":"publish","type":"page","link":"http:\/\/csahainaut.be\/?page_id=909","title":{"rendered":"Apprentissage AU num\u00e9rique"},"content":{"rendered":"\t\t<div data-elementor-type=\"wp-page\" data-elementor-id=\"909\" class=\"elementor elementor-909\">\n\t\t\t\t<div class=\"elementor-element elementor-element-f435290 e-con-full e-flex e-con e-parent\" data-id=\"f435290\" data-element_type=\"container\" data-e-type=\"container\">\n\t\t\t\t<div class=\"elementor-element elementor-element-04a3742 elementor-widget__width-initial elementor-widget elementor-widget-heading\" data-id=\"04a3742\" data-element_type=\"widget\" data-e-type=\"widget\" data-widget_type=\"heading.default\">\n\t\t\t\t<div class=\"elementor-widget-container\">\n\t\t\t\t\t<h3 class=\"elementor-heading-title elementor-size-default\"><i>Envie de d\u00e9couvrir le nouveau programme ?<\/i><\/h3>\t\t\t\t<\/div>\n\t\t\t\t<\/div>\n\t\t\t\t<div class=\"elementor-element elementor-element-842340e elementor-widget__width-inherit elementor-widget-divider--view-line elementor-widget elementor-widget-divider\" data-id=\"842340e\" data-element_type=\"widget\" data-e-type=\"widget\" data-widget_type=\"divider.default\">\n\t\t\t\t<div class=\"elementor-widget-container\">\n\t\t\t\t\t\t\t<div class=\"elementor-divider\">\n\t\t\t<span class=\"elementor-divider-separator\">\n\t\t\t\t\t\t<\/span>\n\t\t<\/div>\n\t\t\t\t\t\t<\/div>\n\t\t\t\t<\/div>\n\t\t\t\t<\/div>\n\t\t<div class=\"elementor-element elementor-element-f2a541f e-con-full e-flex e-con e-parent\" data-id=\"f2a541f\" data-element_type=\"container\" data-e-type=\"container\">\n\t\t<div class=\"elementor-element elementor-element-c030617 e-con-full e-flex e-con e-child\" data-id=\"c030617\" data-element_type=\"container\" data-e-type=\"container\">\n\t\t\t\t<div class=\"elementor-element elementor-element-ed9a13b elementor-widget__width-initial elementor-widget elementor-widget-text-editor\" data-id=\"ed9a13b\" data-element_type=\"widget\" data-e-type=\"widget\" data-widget_type=\"text-editor.default\">\n\t\t\t\t<div class=\"elementor-widget-container\">\n\t\t\t\t\t\t\t\t\t<p><span class=\"TextRun SCXW151614243 BCX8\" lang=\"FR-FR\" xml:lang=\"FR-FR\" data-contrast=\"auto\"><span class=\"NormalTextRun SCXW151614243 BCX8\">Vos enseignants veulent d\u00e9couvrir et appr\u00e9hender le nouveau programme num\u00e9rique. Vous cherchez une animation pour y arriver ?<br \/><strong>Alors, cliquez sur l&#8217;image pour d\u00e9couvrir nos propositions.<\/strong><\/span><\/span><\/p>\t\t\t\t\t\t\t\t<\/div>\n\t\t\t\t<\/div>\n\t\t\t\t<div class=\"elementor-element elementor-element-75289ab elementor-widget elementor-widget-image\" data-id=\"75289ab\" data-element_type=\"widget\" data-e-type=\"widget\" data-widget_type=\"image.default\">\n\t\t\t\t<div class=\"elementor-widget-container\">\n\t\t\t\t\t\t\t\t\t\t\t\t\t\t\t\t<a href=\"https:\/\/view.genially.com\/61dfcd912505f50d6eab153a\" target=\"_blank\">\n\t\t\t\t\t\t\t<img fetchpriority=\"high\" decoding=\"async\" width=\"1024\" height=\"528\" src=\"https:\/\/csahainaut.be\/wp-content\/uploads\/2025\/08\/au-numerique-1024x528.png\" class=\"attachment-large size-large wp-image-1655\" alt=\"\" srcset=\"https:\/\/csahainaut.be\/wp-content\/uploads\/2025\/08\/au-numerique-1024x528.png 1024w, https:\/\/csahainaut.be\/wp-content\/uploads\/2025\/08\/au-numerique-300x155.png 300w, https:\/\/csahainaut.be\/wp-content\/uploads\/2025\/08\/au-numerique-768x396.png 768w, https:\/\/csahainaut.be\/wp-content\/uploads\/2025\/08\/au-numerique-1536x791.png 1536w, https:\/\/csahainaut.be\/wp-content\/uploads\/2025\/08\/au-numerique.png 1572w\" sizes=\"(max-width: 1024px) 100vw, 1024px\" \/>\t\t\t\t\t\t\t\t<\/a>\n\t\t\t\t\t\t\t\t\t\t\t\t\t\t\t<\/div>\n\t\t\t\t<\/div>\n\t\t\t\t<\/div>\n\t\t<div class=\"elementor-element elementor-element-9b1e900 e-con-full e-flex e-con e-child\" data-id=\"9b1e900\" data-element_type=\"container\" data-e-type=\"container\">\n\t\t\t\t<div class=\"elementor-element elementor-element-b43666b elementor-widget elementor-widget-heading\" data-id=\"b43666b\" data-element_type=\"widget\" data-e-type=\"widget\" data-widget_type=\"heading.default\">\n\t\t\t\t<div class=\"elementor-widget-container\">\n\t\t\t\t\t<h4 class=\"elementor-heading-title elementor-size-default\">CSA<\/h4>\t\t\t\t<\/div>\n\t\t\t\t<\/div>\n\t\t\t\t<div class=\"elementor-element elementor-element-bc2de12 elementor-widget elementor-widget-text-editor\" data-id=\"bc2de12\" data-element_type=\"widget\" data-e-type=\"widget\" data-widget_type=\"text-editor.default\">\n\t\t\t\t<div class=\"elementor-widget-container\">\n\t\t\t\t\t\t\t\t\t<ul><li><span data-contrast=\"auto\">St\u00e9phane Simon\u00a0 \u00a0\u00a0<\/span><\/li><li>Mathieu Deham<\/li><li>Vinciane Tr\u00e9mouroux (CTP)<\/li><li>Marc Andr\u00e9 (CTP)<\/li><\/ul>\t\t\t\t\t\t\t\t<\/div>\n\t\t\t\t<\/div>\n\t\t\t\t<\/div>\n\t\t\t\t<\/div>\n\t\t<div class=\"elementor-element elementor-element-08f7263 e-flex e-con-boxed e-con e-parent\" data-id=\"08f7263\" data-element_type=\"container\" data-e-type=\"container\">\n\t\t\t\t\t<div class=\"e-con-inner\">\n\t\t\t\t\t<\/div>\n\t\t\t\t<\/div>\n\t\t\t\t<\/div>\n\t\t","protected":false},"excerpt":{"rendered":"<p>Envie de d\u00e9couvrir le nouveau programme ? Vos enseignants veulent d\u00e9couvrir et appr\u00e9hender le nouveau programme num\u00e9rique. Vous cherchez une animation pour y arriver ?Alors, cliquez sur l&#8217;image pour d\u00e9couvrir nos propositions. CSA St\u00e9phane Simon\u00a0 \u00a0\u00a0 Mathieu Deham Vinciane Tr\u00e9mouroux (CTP) Marc Andr\u00e9 (CTP)<\/p>\n","protected":false},"author":1,"featured_media":0,"parent":0,"menu_order":0,"comment_status":"closed","ping_status":"closed","template":"","meta":{"footnotes":""},"class_list":["post-909","page","type-page","status-publish","hentry","nodate","item-wrap"],"yoast_head":"<!-- This site is optimized with the Yoast SEO plugin v27.4 - https:\/\/yoast.com\/product\/yoast-seo-wordpress\/ -->\n<title>Apprentissage AU num\u00e9rique - CSA HAINAUT fondamental<\/title>\n<meta name=\"robots\" content=\"index, follow, max-snippet:-1, max-image-preview:large, max-video-preview:-1\" \/>\n<link rel=\"canonical\" href=\"http:\/\/csahainaut.be\/?page_id=909\" \/>\n<meta property=\"og:locale\" content=\"en_US\" \/>\n<meta property=\"og:type\" content=\"article\" \/>\n<meta property=\"og:title\" content=\"Apprentissage AU num\u00e9rique - CSA HAINAUT fondamental\" \/>\n<meta property=\"og:description\" content=\"Envie de d\u00e9couvrir le nouveau programme ? Vos enseignants veulent d\u00e9couvrir et appr\u00e9hender le nouveau programme num\u00e9rique. Vous cherchez une animation pour y arriver ?Alors, cliquez sur l&#8217;image pour d\u00e9couvrir nos propositions. CSA St\u00e9phane Simon\u00a0 \u00a0\u00a0 Mathieu Deham Vinciane Tr\u00e9mouroux (CTP) Marc Andr\u00e9 (CTP)\" \/>\n<meta property=\"og:url\" content=\"http:\/\/csahainaut.be\/?page_id=909\" \/>\n<meta property=\"og:site_name\" content=\"CSA HAINAUT fondamental\" \/>\n<meta property=\"article:modified_time\" content=\"2025-08-29T13:25:19+00:00\" \/>\n<meta property=\"og:image\" content=\"http:\/\/csahainaut.be\/wp-content\/uploads\/2025\/08\/au-numerique-1024x528.png\" \/>\n<meta name=\"twitter:card\" content=\"summary_large_image\" \/>\n<meta name=\"twitter:label1\" content=\"Est. reading time\" \/>\n\t<meta name=\"twitter:data1\" content=\"1 minute\" \/>\n<script type=\"application\/ld+json\" class=\"yoast-schema-graph\">{\"@context\":\"https:\\\/\\\/schema.org\",\"@graph\":[{\"@type\":\"WebPage\",\"@id\":\"http:\\\/\\\/csahainaut.be\\\/?page_id=909\",\"url\":\"http:\\\/\\\/csahainaut.be\\\/?page_id=909\",\"name\":\"Apprentissage AU num\u00e9rique - CSA HAINAUT fondamental\",\"isPartOf\":{\"@id\":\"http:\\\/\\\/csahainaut.be\\\/#website\"},\"primaryImageOfPage\":{\"@id\":\"http:\\\/\\\/csahainaut.be\\\/?page_id=909#primaryimage\"},\"image\":{\"@id\":\"http:\\\/\\\/csahainaut.be\\\/?page_id=909#primaryimage\"},\"thumbnailUrl\":\"http:\\\/\\\/csahainaut.be\\\/wp-content\\\/uploads\\\/2025\\\/08\\\/au-numerique-1024x528.png\",\"datePublished\":\"2024-06-30T07:33:40+00:00\",\"dateModified\":\"2025-08-29T13:25:19+00:00\",\"breadcrumb\":{\"@id\":\"http:\\\/\\\/csahainaut.be\\\/?page_id=909#breadcrumb\"},\"inLanguage\":\"en-US\",\"potentialAction\":[{\"@type\":\"ReadAction\",\"target\":[\"http:\\\/\\\/csahainaut.be\\\/?page_id=909\"]}]},{\"@type\":\"ImageObject\",\"inLanguage\":\"en-US\",\"@id\":\"http:\\\/\\\/csahainaut.be\\\/?page_id=909#primaryimage\",\"url\":\"http:\\\/\\\/csahainaut.be\\\/wp-content\\\/uploads\\\/2025\\\/08\\\/au-numerique.png\",\"contentUrl\":\"http:\\\/\\\/csahainaut.be\\\/wp-content\\\/uploads\\\/2025\\\/08\\\/au-numerique.png\",\"width\":1572,\"height\":810},{\"@type\":\"BreadcrumbList\",\"@id\":\"http:\\\/\\\/csahainaut.be\\\/?page_id=909#breadcrumb\",\"itemListElement\":[{\"@type\":\"ListItem\",\"position\":1,\"name\":\"Accueil\",\"item\":\"http:\\\/\\\/csahainaut.be\\\/\"},{\"@type\":\"ListItem\",\"position\":2,\"name\":\"Apprentissage AU num\u00e9rique\"}]},{\"@type\":\"WebSite\",\"@id\":\"http:\\\/\\\/csahainaut.be\\\/#website\",\"url\":\"http:\\\/\\\/csahainaut.be\\\/\",\"name\":\"CSA HAINAUT fondamental\",\"description\":\"Site des conseillers au soutien et \u00e0 l&#039;accompagnement \",\"publisher\":{\"@id\":\"http:\\\/\\\/csahainaut.be\\\/#organization\"},\"potentialAction\":[{\"@type\":\"SearchAction\",\"target\":{\"@type\":\"EntryPoint\",\"urlTemplate\":\"http:\\\/\\\/csahainaut.be\\\/?s={search_term_string}\"},\"query-input\":{\"@type\":\"PropertyValueSpecification\",\"valueRequired\":true,\"valueName\":\"search_term_string\"}}],\"inLanguage\":\"en-US\"},{\"@type\":\"Organization\",\"@id\":\"http:\\\/\\\/csahainaut.be\\\/#organization\",\"name\":\"CSA HAINAUT fondamental\",\"url\":\"http:\\\/\\\/csahainaut.be\\\/\",\"logo\":{\"@type\":\"ImageObject\",\"inLanguage\":\"en-US\",\"@id\":\"http:\\\/\\\/csahainaut.be\\\/#\\\/schema\\\/logo\\\/image\\\/\",\"url\":\"https:\\\/\\\/csahainaut.be\\\/wp-content\\\/uploads\\\/2024\\\/06\\\/cropped-logo-segec.webp\",\"contentUrl\":\"https:\\\/\\\/csahainaut.be\\\/wp-content\\\/uploads\\\/2024\\\/06\\\/cropped-logo-segec.webp\",\"width\":367,\"height\":217,\"caption\":\"CSA HAINAUT fondamental\"},\"image\":{\"@id\":\"http:\\\/\\\/csahainaut.be\\\/#\\\/schema\\\/logo\\\/image\\\/\"}}]}<\/script>\n<!-- \/ Yoast SEO plugin. -->","yoast_head_json":{"title":"Apprentissage AU num\u00e9rique - CSA HAINAUT fondamental","robots":{"index":"index","follow":"follow","max-snippet":"max-snippet:-1","max-image-preview":"max-image-preview:large","max-video-preview":"max-video-preview:-1"},"canonical":"http:\/\/csahainaut.be\/?page_id=909","og_locale":"en_US","og_type":"article","og_title":"Apprentissage AU num\u00e9rique - CSA HAINAUT fondamental","og_description":"Envie de d\u00e9couvrir le nouveau programme ? Vos enseignants veulent d\u00e9couvrir et appr\u00e9hender le nouveau programme num\u00e9rique. Vous cherchez une animation pour y arriver ?Alors, cliquez sur l&#8217;image pour d\u00e9couvrir nos propositions. CSA St\u00e9phane Simon\u00a0 \u00a0\u00a0 Mathieu Deham Vinciane Tr\u00e9mouroux (CTP) Marc Andr\u00e9 (CTP)","og_url":"http:\/\/csahainaut.be\/?page_id=909","og_site_name":"CSA HAINAUT fondamental","article_modified_time":"2025-08-29T13:25:19+00:00","og_image":[{"url":"http:\/\/csahainaut.be\/wp-content\/uploads\/2025\/08\/au-numerique-1024x528.png","type":"","width":"","height":""}],"twitter_card":"summary_large_image","twitter_misc":{"Est. reading time":"1 minute"},"schema":{"@context":"https:\/\/schema.org","@graph":[{"@type":"WebPage","@id":"http:\/\/csahainaut.be\/?page_id=909","url":"http:\/\/csahainaut.be\/?page_id=909","name":"Apprentissage AU num\u00e9rique - CSA HAINAUT fondamental","isPartOf":{"@id":"http:\/\/csahainaut.be\/#website"},"primaryImageOfPage":{"@id":"http:\/\/csahainaut.be\/?page_id=909#primaryimage"},"image":{"@id":"http:\/\/csahainaut.be\/?page_id=909#primaryimage"},"thumbnailUrl":"http:\/\/csahainaut.be\/wp-content\/uploads\/2025\/08\/au-numerique-1024x528.png","datePublished":"2024-06-30T07:33:40+00:00","dateModified":"2025-08-29T13:25:19+00:00","breadcrumb":{"@id":"http:\/\/csahainaut.be\/?page_id=909#breadcrumb"},"inLanguage":"en-US","potentialAction":[{"@type":"ReadAction","target":["http:\/\/csahainaut.be\/?page_id=909"]}]},{"@type":"ImageObject","inLanguage":"en-US","@id":"http:\/\/csahainaut.be\/?page_id=909#primaryimage","url":"http:\/\/csahainaut.be\/wp-content\/uploads\/2025\/08\/au-numerique.png","contentUrl":"http:\/\/csahainaut.be\/wp-content\/uploads\/2025\/08\/au-numerique.png","width":1572,"height":810},{"@type":"BreadcrumbList","@id":"http:\/\/csahainaut.be\/?page_id=909#breadcrumb","itemListElement":[{"@type":"ListItem","position":1,"name":"Accueil","item":"http:\/\/csahainaut.be\/"},{"@type":"ListItem","position":2,"name":"Apprentissage AU num\u00e9rique"}]},{"@type":"WebSite","@id":"http:\/\/csahainaut.be\/#website","url":"http:\/\/csahainaut.be\/","name":"CSA HAINAUT fondamental","description":"Site des conseillers au soutien et \u00e0 l&#039;accompagnement ","publisher":{"@id":"http:\/\/csahainaut.be\/#organization"},"potentialAction":[{"@type":"SearchAction","target":{"@type":"EntryPoint","urlTemplate":"http:\/\/csahainaut.be\/?s={search_term_string}"},"query-input":{"@type":"PropertyValueSpecification","valueRequired":true,"valueName":"search_term_string"}}],"inLanguage":"en-US"},{"@type":"Organization","@id":"http:\/\/csahainaut.be\/#organization","name":"CSA HAINAUT fondamental","url":"http:\/\/csahainaut.be\/","logo":{"@type":"ImageObject","inLanguage":"en-US","@id":"http:\/\/csahainaut.be\/#\/schema\/logo\/image\/","url":"https:\/\/csahainaut.be\/wp-content\/uploads\/2024\/06\/cropped-logo-segec.webp","contentUrl":"https:\/\/csahainaut.be\/wp-content\/uploads\/2024\/06\/cropped-logo-segec.webp","width":367,"height":217,"caption":"CSA HAINAUT fondamental"},"image":{"@id":"http:\/\/csahainaut.be\/#\/schema\/logo\/image\/"}}]}},"jetpack_sharing_enabled":true,"_links":{"self":[{"href":"http:\/\/csahainaut.be\/index.php?rest_route=\/wp\/v2\/pages\/909","targetHints":{"allow":["GET"]}}],"collection":[{"href":"http:\/\/csahainaut.be\/index.php?rest_route=\/wp\/v2\/pages"}],"about":[{"href":"http:\/\/csahainaut.be\/index.php?rest_route=\/wp\/v2\/types\/page"}],"author":[{"embeddable":true,"href":"http:\/\/csahainaut.be\/index.php?rest_route=\/wp\/v2\/users\/1"}],"replies":[{"embeddable":true,"href":"http:\/\/csahainaut.be\/index.php?rest_route=%2Fwp%2Fv2%2Fcomments&post=909"}],"version-history":[{"count":10,"href":"http:\/\/csahainaut.be\/index.php?rest_route=\/wp\/v2\/pages\/909\/revisions"}],"predecessor-version":[{"id":1658,"href":"http:\/\/csahainaut.be\/index.php?rest_route=\/wp\/v2\/pages\/909\/revisions\/1658"}],"wp:attachment":[{"href":"http:\/\/csahainaut.be\/index.php?rest_route=%2Fwp%2Fv2%2Fmedia&parent=909"}],"curies":[{"name":"wp","href":"https:\/\/api.w.org\/{rel}","templated":true}]}}